CRAN Package Check Results for Package pedquant

Last updated on 2025-10-23 08:50:04 CEST.

Flavor Version Tinstall Tcheck Ttotal Status Flags
r-devel-linux-x86_64-debian-clang 0.2.6 11.39 82.25 93.64 NOTE
r-devel-linux-x86_64-debian-gcc 0.2.6 9.27 55.21 64.48 OK
r-devel-linux-x86_64-fedora-clang 0.2.6 27.00 103.84 130.84 OK
r-devel-linux-x86_64-fedora-gcc 0.2.6 29.00 97.83 126.83 OK
r-devel-windows-x86_64 0.2.6 13.00 90.00 103.00 OK
r-patched-linux-x86_64 0.2.6 12.71 73.56 86.27 OK
r-release-linux-x86_64 0.2.6 10.82 74.04 84.86 OK
r-release-macos-arm64 0.2.6 5.00 32.00 37.00 OK
r-release-macos-x86_64 0.2.6 19.00 74.00 93.00 OK
r-release-windows-x86_64 0.2.6 14.00 89.00 103.00 OK
r-oldrel-macos-arm64 0.2.6 4.00 39.00 43.00 OK
r-oldrel-macos-x86_64 0.2.6 13.00 73.00 86.00 OK
r-oldrel-windows-x86_64 0.2.6 19.00 110.00 129.00 OK

Check Details

Version: 0.2.6
Check: HTML version of manual
Result: NOTE Found the following HTML validation problems: md_bond.html:71:1 (md_bond.Rd:23): Warning: missing </ul> before </div> md_money.html:63:1 (md_money.Rd:19): Warning: missing </ul> before </div> md_moneycn.html:63:1 (md_moneycn.Rd:19): Warning: missing </ul> before </div> Flavor: r-devel-linux-x86_64-debian-clang