Last updated on 2025-10-24 04:51:02 CEST.
| Flavor | Version | Tinstall | Tcheck | Ttotal | Status | Flags |
|---|---|---|---|---|---|---|
| r-devel-linux-x86_64-debian-clang | 0.5.0 | 5.61 | 71.95 | 77.56 | NOTE | |
| r-devel-linux-x86_64-debian-gcc | 0.5.0 | 4.49 | 55.34 | 59.83 | NOTE | |
| r-devel-linux-x86_64-fedora-clang | 0.5.0 | 14.00 | 99.11 | 113.11 | OK | |
| r-devel-linux-x86_64-fedora-gcc | 0.5.0 | 14.00 | 111.25 | 125.25 | OK | |
| r-devel-windows-x86_64 | 0.5.0 | 8.00 | 105.00 | 113.00 | OK | |
| r-patched-linux-x86_64 | 0.5.0 | 6.00 | 67.82 | 73.82 | OK | |
| r-release-linux-x86_64 | 0.5.0 | 5.87 | 67.40 | 73.27 | OK | |
| r-release-macos-arm64 | 0.5.0 | 2.00 | 57.00 | 59.00 | OK | |
| r-release-macos-x86_64 | 0.5.0 | 5.00 | 86.00 | 91.00 | OK | |
| r-release-windows-x86_64 | 0.5.0 | 8.00 | 103.00 | 111.00 | OK | |
| r-oldrel-macos-arm64 | 0.5.0 | 3.00 | 43.00 | 46.00 | OK | |
| r-oldrel-macos-x86_64 | 0.5.0 | 4.00 | 64.00 | 68.00 | OK | |
| r-oldrel-windows-x86_64 | 0.5.0 | 11.00 | 118.00 | 129.00 | OK |
Version: 0.5.0
Check: CRAN incoming feasibility
Result: NOTE
Maintainer: ‘Nathan Sheffield <nathan@code.databio.org>’
The BugReports field in DESCRIPTION has
https://github.com/pepkit/pepr
which should likely be
https://github.com/pepkit/pepr/issues
instead.
Flavors: r-devel-linux-x86_64-debian-clang, r-devel-linux-x86_64-debian-gcc