CRAN Package Check Results for Package pharmaversesdtm

Last updated on 2025-10-22 05:51:21 CEST.

Flavor Version Tinstall Tcheck Ttotal Status Flags
r-devel-linux-x86_64-debian-clang 1.3.1 15.02 46.28 61.30 NOTE
r-devel-linux-x86_64-debian-gcc 1.3.1 9.21 32.32 41.53 NOTE
r-devel-linux-x86_64-fedora-clang 1.3.1 30.00 51.96 81.96 OK
r-devel-linux-x86_64-fedora-gcc 1.3.1 29.00 55.07 84.07 OK
r-devel-windows-x86_64 1.3.1 22.00 73.00 95.00 OK
r-patched-linux-x86_64 1.3.1 15.57 42.10 57.67 OK
r-release-linux-x86_64 1.3.1 14.68 41.74 56.42 OK
r-release-macos-arm64 1.3.1 10.00 26.00 36.00 OK
r-release-macos-x86_64 1.3.1 26.00 61.00 87.00 OK
r-release-windows-x86_64 1.3.1 22.00 75.00 97.00 OK
r-oldrel-macos-arm64 1.3.1 9.00 29.00 38.00 OK
r-oldrel-macos-x86_64 1.3.1 19.00 47.00 66.00 OK
r-oldrel-windows-x86_64 1.3.1 24.00 90.00 114.00 OK

Check Details

Version: 1.3.1
Check: HTML version of manual
Result: NOTE Found the following HTML validation problems: get_terms.html:60:1 (get_terms.Rd:17): Warning: missing </ul> before </div> Flavors: r-devel-linux-x86_64-debian-clang, r-devel-linux-x86_64-debian-gcc