Last updated on 2025-10-22 05:51:21 CEST.
Flavor | Version | Tinstall | Tcheck | Ttotal | Status | Flags |
---|---|---|---|---|---|---|
r-devel-linux-x86_64-debian-clang | 0.3.10 | 49.33 | 213.02 | 262.35 | NOTE | |
r-devel-linux-x86_64-debian-gcc | 0.3.10 | 37.30 | 143.46 | 180.76 | NOTE | |
r-devel-linux-x86_64-fedora-clang | 0.3.10 | 117.00 | 288.69 | 405.69 | OK | |
r-devel-linux-x86_64-fedora-gcc | 0.3.10 | 92.00 | 324.18 | 416.18 | OK | |
r-devel-windows-x86_64 | 0.3.10 | 67.00 | 284.00 | 351.00 | OK | |
r-patched-linux-x86_64 | 0.3.10 | 51.00 | 235.16 | 286.16 | OK | |
r-release-linux-x86_64 | 0.3.10 | 54.65 | 231.98 | 286.63 | OK | |
r-release-macos-arm64 | 0.3.10 | 20.00 | 81.00 | 101.00 | OK | |
r-release-macos-x86_64 | 0.3.10 | 28.00 | 184.00 | 212.00 | OK | |
r-release-windows-x86_64 | 0.3.10 | 89.00 | 289.00 | 378.00 | OK | |
r-oldrel-macos-arm64 | 0.3.10 | 18.00 | 86.00 | 104.00 | OK | |
r-oldrel-macos-x86_64 | 0.3.10 | 28.00 | 207.00 | 235.00 | OK | |
r-oldrel-windows-x86_64 | 0.3.10 | 78.00 | 353.00 | 431.00 | OK |
Version: 0.3.10
Check: HTML version of manual
Result: NOTE
Found the following HTML validation problems:
f_goal2.html:78:1 (f_goal2.Rd:28): Warning: missing </ul> before </div>
find_season.peaks.html:56:1 (find_season.peaks.Rd:21): Warning: missing </ul> before </div>
lambda_vcurve.html:72:1 (lambda_vcurve.Rd:28): Warning: missing </ul> before </div>
plot_phenofit.html:85:1 (plot_phenofit.Rd:35): Warning: missing </ul> before </div>
plot_season.html:92:1 (plot_season.Rd:40): Warning: missing </ul> before </div>
process_phenofit.html:76:1 (process_phenofit.Rd:32): Warning: missing </ul> before </div>
rcpp_season_filter.html:68:1 (rcpp_season_filter.Rd:26): Warning: missing </ul> before </div>
season_input.html:55:1 (season_input.Rd:15): Warning: missing </ul> before </div>
Flavors: r-devel-linux-x86_64-debian-clang, r-devel-linux-x86_64-debian-gcc