Last updated on 2025-10-24 04:51:02 CEST.
| Flavor | Version | Tinstall | Tcheck | Ttotal | Status | Flags |
|---|---|---|---|---|---|---|
| r-devel-linux-x86_64-debian-clang | 0.5.1 | 4.44 | 51.15 | 55.59 | OK | |
| r-devel-linux-x86_64-debian-gcc | 0.5.1 | 3.17 | 37.76 | 40.93 | OK | |
| r-devel-linux-x86_64-fedora-clang | 0.5.1 | 77.86 | OK | |||
| r-devel-linux-x86_64-fedora-gcc | 0.5.1 | 18.00 | 75.06 | 93.06 | OK | |
| r-devel-windows-x86_64 | 0.5.1 | 6.00 | 67.00 | 73.00 | OK | |
| r-patched-linux-x86_64 | 0.5.1 | 3.42 | 46.76 | 50.18 | OK | |
| r-release-linux-x86_64 | 0.5.1 | 3.91 | 46.58 | 50.49 | OK | |
| r-release-macos-arm64 | 0.5.1 | 2.00 | 37.00 | 39.00 | OK | |
| r-release-macos-x86_64 | 0.5.1 | 11.00 | 120.00 | 131.00 | OK | |
| r-release-windows-x86_64 | 0.5.1 | 8.00 | 72.00 | 80.00 | OK | |
| r-oldrel-macos-arm64 | 0.5.1 | 3.00 | 41.00 | 44.00 | OK | |
| r-oldrel-macos-x86_64 | 0.5.1 | 11.00 | 124.00 | 135.00 | NOTE | |
| r-oldrel-windows-x86_64 | 0.5.1 | 9.00 | 82.00 | 91.00 | OK |
Version: 0.5.1
Check: installed package size
Result: NOTE
installed size is 5.1Mb
sub-directories of 1Mb or more:
data 4.8Mb
Flavor: r-oldrel-macos-x86_64