Last updated on 2025-10-22 05:51:21 CEST.
Flavor | Version | Tinstall | Tcheck | Ttotal | Status | Flags |
---|---|---|---|---|---|---|
r-devel-linux-x86_64-debian-clang | 2.0.4 | 5.68 | 59.47 | 65.15 | NOTE | |
r-devel-linux-x86_64-debian-gcc | 2.0.4 | 3.70 | 45.69 | 49.39 | NOTE | |
r-devel-linux-x86_64-fedora-clang | 2.0.4 | 13.00 | 86.64 | 99.64 | OK | |
r-devel-linux-x86_64-fedora-gcc | 2.0.4 | 10.00 | 95.25 | 105.25 | OK | |
r-devel-windows-x86_64 | 2.0.4 | 6.00 | 108.00 | 114.00 | OK | |
r-patched-linux-x86_64 | 2.0.4 | 6.35 | 56.62 | 62.97 | OK | |
r-release-linux-x86_64 | 2.0.4 | 4.85 | 56.99 | 61.84 | OK | |
r-release-macos-arm64 | 2.0.4 | 3.00 | 45.00 | 48.00 | OK | |
r-release-macos-x86_64 | 2.0.4 | 5.00 | 90.00 | 95.00 | OK | |
r-release-windows-x86_64 | 2.0.4 | 8.00 | 109.00 | 117.00 | OK | |
r-oldrel-macos-arm64 | 2.0.4 | 2.00 | 48.00 | 50.00 | OK | |
r-oldrel-macos-x86_64 | 2.0.4 | 3.00 | 128.00 | 131.00 | OK | |
r-oldrel-windows-x86_64 | 2.0.4 | 8.00 | 122.00 | 130.00 | OK |
Version: 2.0.4
Check: HTML version of manual
Result: NOTE
Found the following HTML validation problems:
confint.pim.html:66:1 (confint.pim.Rd:25): Warning: missing </ul> before </div>
Flavors: r-devel-linux-x86_64-debian-clang, r-devel-linux-x86_64-debian-gcc