Last updated on 2025-10-22 05:51:21 CEST.
Flavor | Version | Tinstall | Tcheck | Ttotal | Status | Flags |
---|---|---|---|---|---|---|
r-devel-linux-x86_64-debian-clang | 0.1.1 | 3.12 | 33.37 | 36.49 | NOTE | |
r-devel-linux-x86_64-debian-gcc | 0.1.1 | 2.36 | 26.64 | 29.00 | NOTE | |
r-devel-linux-x86_64-fedora-clang | 0.1.1 | 52.79 | NOTE | |||
r-devel-linux-x86_64-fedora-gcc | 0.1.1 | 53.30 | NOTE | |||
r-devel-windows-x86_64 | 0.1.1 | 7.00 | 58.00 | 65.00 | NOTE | |
r-patched-linux-x86_64 | 0.1.1 | 3.14 | 30.67 | 33.81 | NOTE | |
r-release-linux-x86_64 | 0.1.1 | 3.49 | 30.91 | 34.40 | NOTE | |
r-release-macos-arm64 | 0.1.1 | 2.00 | 19.00 | 21.00 | NOTE | |
r-release-macos-x86_64 | 0.1.1 | 3.00 | 30.00 | 33.00 | NOTE | |
r-release-windows-x86_64 | 0.1.1 | 6.00 | 60.00 | 66.00 | NOTE | |
r-oldrel-macos-arm64 | 0.1.1 | 2.00 | 18.00 | 20.00 | NOTE | |
r-oldrel-macos-x86_64 | 0.1.1 | 2.00 | 27.00 | 29.00 | NOTE | |
r-oldrel-windows-x86_64 | 0.1.1 | 6.00 | 54.00 | 60.00 | NOTE |
Version: 0.1.1
Check: Rd files
Result: NOTE
checkRd: (-1) get_pixels.Rd:27-29: Lost braces
27 | if (interactive()) {
| ^
Flavors: r-devel-linux-x86_64-debian-clang, r-devel-linux-x86_64-debian-gcc, r-devel-linux-x86_64-fedora-clang, r-devel-linux-x86_64-fedora-gcc, r-devel-windows-x86_64, r-patched-linux-x86_64, r-release-linux-x86_64, r-release-macos-arm64, r-release-macos-x86_64, r-release-windows-x86_64, r-oldrel-macos-arm64, r-oldrel-macos-x86_64, r-oldrel-windows-x86_64
Version: 0.1.1
Check: HTML version of manual
Result: NOTE
Found the following HTML validation problems:
get_pixels.html:73:1 (get_pixels.Rd:29): Warning: missing </ul> before </div>
Flavors: r-devel-linux-x86_64-debian-clang, r-devel-linux-x86_64-debian-gcc
Version: 0.1.1
Check: LazyData
Result: NOTE
'LazyData' is specified without a 'data' directory
Flavors: r-oldrel-macos-arm64, r-oldrel-macos-x86_64, r-oldrel-windows-x86_64