Last updated on 2025-10-24 04:51:03 CEST.
| Flavor | Version | Tinstall | Tcheck | Ttotal | Status | Flags |
|---|---|---|---|---|---|---|
| r-devel-linux-x86_64-debian-clang | 0.4-5 | 3.15 | 35.08 | 38.23 | NOTE | |
| r-devel-linux-x86_64-debian-gcc | 0.4-5 | 2.13 | 28.13 | 30.26 | NOTE | |
| r-devel-linux-x86_64-fedora-clang | 0.4-5 | 58.05 | OK | |||
| r-devel-linux-x86_64-fedora-gcc | 0.4-5 | 70.42 | OK | |||
| r-devel-windows-x86_64 | 0.4-5 | 4.00 | 57.00 | 61.00 | OK | |
| r-patched-linux-x86_64 | 0.4-5 | 3.49 | 33.68 | 37.17 | OK | |
| r-release-linux-x86_64 | 0.4-5 | 3.12 | 33.86 | 36.98 | OK | |
| r-release-macos-arm64 | 0.4-5 | 2.00 | 28.00 | 30.00 | OK | |
| r-release-macos-x86_64 | 0.4-5 | 3.00 | 44.00 | 47.00 | OK | |
| r-release-windows-x86_64 | 0.4-5 | 4.00 | 60.00 | 64.00 | OK | |
| r-oldrel-macos-arm64 | 0.4-5 | 2.00 | 28.00 | 30.00 | OK | |
| r-oldrel-macos-x86_64 | 0.4-5 | 2.00 | 37.00 | 39.00 | OK | |
| r-oldrel-windows-x86_64 | 0.4-5 | 6.00 | 65.00 | 71.00 | OK |
Version: 0.4-5
Check: CRAN incoming feasibility
Result: NOTE
Maintainer: ‘Dan Kelley <Dan.Kelley@Dal.Ca>’
No Authors@R field in DESCRIPTION.
Please add one, modifying
Authors@R: c(person(given = "Dan",
family = "Kelley",
role = c("aut", "cre"),
email = "Dan.Kelley@Dal.Ca"),
person(given = "Frank",
family = "Schmitt",
role = "aut",
email = "frankschmitt@gmx.de"))
as necessary.
Flavors: r-devel-linux-x86_64-debian-clang, r-devel-linux-x86_64-debian-gcc
Version: 0.4-5
Check: HTML version of manual
Result: NOTE
Found the following HTML validation problems:
check.tokens.html:50:1 (check.tokens.Rd:12): Warning: missing </ul> before </div>
sub-sub-plan-method.html:59:1 (sub-sub-plan-method.Rd:16): Warning: missing </ul> before </div>
sub-subset-plan-method.html:63:1 (sub-subset-plan-method.Rd:18): Warning: missing </ul> before </div>
Flavor: r-devel-linux-x86_64-debian-clang