Last updated on 2025-10-22 05:51:21 CEST.
Flavor | Version | Tinstall | Tcheck | Ttotal | Status | Flags |
---|---|---|---|---|---|---|
r-devel-linux-x86_64-debian-clang | 1.4.2 | 15.12 | 127.53 | 142.65 | NOTE | |
r-devel-linux-x86_64-debian-gcc | 1.4.2 | 11.25 | 94.24 | 105.49 | NOTE | |
r-devel-linux-x86_64-fedora-clang | 1.4.2 | 33.00 | 180.24 | 213.24 | OK | |
r-devel-linux-x86_64-fedora-gcc | 1.4.2 | 30.00 | 190.83 | 220.83 | OK | |
r-devel-windows-x86_64 | 1.4.2 | 15.00 | 173.00 | 188.00 | OK | |
r-patched-linux-x86_64 | 1.4.2 | 16.20 | 120.88 | 137.08 | OK | |
r-release-linux-x86_64 | 1.4.2 | 15.51 | 120.45 | 135.96 | OK | |
r-release-macos-arm64 | 1.4.2 | 13.00 | 78.00 | 91.00 | OK | |
r-release-macos-x86_64 | 1.4.2 | 15.00 | 159.00 | 174.00 | OK | |
r-release-windows-x86_64 | 1.4.2 | 16.00 | 172.00 | 188.00 | OK | |
r-oldrel-macos-arm64 | 1.4.2 | 12.00 | 82.00 | 94.00 | OK | |
r-oldrel-macos-x86_64 | 1.4.2 | 15.00 | 168.00 | 183.00 | OK | |
r-oldrel-windows-x86_64 | 1.4.2 | 19.00 | 196.00 | 215.00 | OK |
Version: 1.4.2
Check: HTML version of manual
Result: NOTE
Found the following HTML validation problems:
plot3D.html:40:1 (plot3D.Rd:73): Warning: <h3> anchor "_sec_note" already defined
Flavors: r-devel-linux-x86_64-debian-clang, r-devel-linux-x86_64-debian-gcc