Last updated on 2025-10-22 05:51:21 CEST.
Flavor | Version | Tinstall | Tcheck | Ttotal | Status | Flags |
---|---|---|---|---|---|---|
r-devel-linux-x86_64-debian-clang | 1.1.0 | 37.85 | 322.26 | 360.11 | NOTE | |
r-devel-linux-x86_64-debian-gcc | 1.1.0 | 26.75 | 209.72 | 236.47 | NOTE | |
r-devel-linux-x86_64-fedora-clang | 1.1.0 | 78.00 | 476.35 | 554.35 | OK | |
r-devel-linux-x86_64-fedora-gcc | 1.1.0 | 81.00 | 474.18 | 555.18 | OK | |
r-devel-windows-x86_64 | 1.1.0 | 32.00 | 218.00 | 250.00 | OK | --no-vignettes |
r-patched-linux-x86_64 | 1.1.0 | 30.48 | 302.07 | 332.55 | OK | |
r-release-linux-x86_64 | 1.1.0 | 37.72 | 303.59 | 341.31 | OK | |
r-release-macos-arm64 | 1.1.0 | 12.00 | 102.00 | 114.00 | OK | |
r-release-macos-x86_64 | 1.1.0 | 41.00 | 196.00 | 237.00 | OK | |
r-release-windows-x86_64 | 1.1.0 | 35.00 | 245.00 | 280.00 | OK | --no-vignettes |
r-oldrel-macos-arm64 | 1.1.0 | 13.00 | 106.00 | 119.00 | OK | |
r-oldrel-macos-x86_64 | 1.1.0 | 28.00 | 188.00 | 216.00 | OK | |
r-oldrel-windows-x86_64 | 1.1.0 | 46.00 | 307.00 | 353.00 | OK | --no-vignettes |
Version: 1.1.0
Check: HTML version of manual
Result: NOTE
Found the following HTML validation problems:
print.ggplotdap.html:51:1 (print.ggplotdap.Rd:12): Warning: missing </ul> before </div>
print.plotdap.html:51:1 (print.plotdap.Rd:12): Warning: missing </ul> before </div>
Flavors: r-devel-linux-x86_64-debian-clang, r-devel-linux-x86_64-debian-gcc