Last updated on 2025-10-22 05:51:21 CEST.
Flavor | Version | Tinstall | Tcheck | Ttotal | Status | Flags |
---|---|---|---|---|---|---|
r-devel-linux-x86_64-debian-clang | 1.1.1 | 8.75 | 173.83 | 182.58 | NOTE | |
r-devel-linux-x86_64-debian-gcc | 1.1.1 | 6.14 | 118.19 | 124.33 | NOTE | |
r-devel-linux-x86_64-fedora-clang | 1.1.1 | 21.00 | 257.13 | 278.13 | NOTE | |
r-devel-linux-x86_64-fedora-gcc | 1.1.1 | 18.00 | 276.64 | 294.64 | NOTE | |
r-devel-windows-x86_64 | 1.1.1 | 10.00 | 171.00 | 181.00 | NOTE | |
r-patched-linux-x86_64 | 1.1.1 | 7.53 | 163.63 | 171.16 | NOTE | |
r-release-linux-x86_64 | 1.1.1 | 8.87 | 164.16 | 173.03 | NOTE | |
r-release-macos-arm64 | 1.1.1 | 4.00 | 96.00 | 100.00 | NOTE | |
r-release-macos-x86_64 | 1.1.1 | 6.00 | 136.00 | 142.00 | NOTE | |
r-release-windows-x86_64 | 1.1.1 | 11.00 | 170.00 | 181.00 | NOTE | |
r-oldrel-macos-arm64 | 1.1.1 | 3.00 | 71.00 | 74.00 | NOTE | |
r-oldrel-macos-x86_64 | 1.1.1 | 9.00 | 123.00 | 132.00 | NOTE | |
r-oldrel-windows-x86_64 | 1.1.1 | 13.00 | 218.00 | 231.00 | NOTE |
Version: 1.1.1
Check: Rd files
Result: NOTE
checkRd: (-1) plotluck.Rd:129: Lost braces
129 | in factors are are shown as a special factor level code{"?"}. They can be
| ^
Flavors: r-devel-linux-x86_64-debian-clang, r-devel-linux-x86_64-debian-gcc, r-devel-linux-x86_64-fedora-clang, r-devel-linux-x86_64-fedora-gcc, r-devel-windows-x86_64, r-patched-linux-x86_64, r-release-linux-x86_64, r-release-macos-arm64, r-release-macos-x86_64, r-release-windows-x86_64, r-oldrel-macos-arm64, r-oldrel-macos-x86_64, r-oldrel-windows-x86_64
Version: 1.1.1
Check: dependencies in R code
Result: NOTE
Namespaces in Imports field not imported from:
‘hexbin’ ‘quantreg’
All declared Imports should be used.
Flavors: r-devel-linux-x86_64-fedora-clang, r-devel-linux-x86_64-fedora-gcc
Version: 1.1.1
Check: LazyData
Result: NOTE
'LazyData' is specified without a 'data' directory
Flavors: r-oldrel-macos-arm64, r-oldrel-macos-x86_64, r-oldrel-windows-x86_64