CRAN Package Check Results for Package plsgenomics

Last updated on 2025-07-21 08:50:12 CEST.

Flavor Version Tinstall Tcheck Ttotal Status Flags
r-devel-linux-x86_64-debian-clang 1.5-3 15.27 87.63 102.90 NOTE
r-devel-linux-x86_64-debian-gcc 1.5-3 9.48 59.19 68.67 NOTE
r-devel-linux-x86_64-fedora-clang 1.5-3 155.60 OK
r-devel-linux-x86_64-fedora-gcc 1.5-3 149.90 OK
r-devel-windows-x86_64 1.5-3 14.00 99.00 113.00 OK
r-patched-linux-x86_64 1.5-3 14.51 83.18 97.69 OK
r-release-linux-x86_64 1.5-3 12.53 83.31 95.84 OK
r-release-macos-arm64 1.5-3 52.00 OK
r-release-macos-x86_64 1.5-3 88.00 OK
r-release-windows-x86_64 1.5-3 14.00 101.00 115.00 OK
r-oldrel-macos-arm64 1.5-3 42.00 OK
r-oldrel-macos-x86_64 1.5-3 69.00 OK
r-oldrel-windows-x86_64 1.5-3 20.00 125.00 145.00 OK

Check Details

Version: 1.5-3
Check: CRAN incoming feasibility
Result: NOTE Maintainer: ‘Ghislain Durif <gd.dev@libertymail.net>’ No Authors@R field in DESCRIPTION. Please add one, modifying Authors@R: c(person(given = "Anne-Laure", family = "Boulesteix", role = "aut", email = "boulesteix@ibe.med.uni-muenchen.de"), person(given = "Ghislain", family = "Durif", role = c("aut", "cre"), email = "gd.dev@libertymail.net"), person(given = "Sophie", family = "Lambert-Lacroix", role = "aut", email = "sophie.lambert-lacroix@univ-grenoble-alpes.fr"), person(given = "Julie", family = "Peyre", role = "aut", email = "Julie.Peyre@univ-grenoble-alpes.fr"), person(given = "Korbinian", family = "Strimmer.", role = "aut", email = "k.strimmer@imperial.ac.uk")) as necessary. Flavors: r-devel-linux-x86_64-debian-clang, r-devel-linux-x86_64-debian-gcc