Last updated on 2025-10-24 04:51:03 CEST.
| Flavor | Version | Tinstall | Tcheck | Ttotal | Status | Flags |
|---|---|---|---|---|---|---|
| r-devel-linux-x86_64-debian-clang | 1.3.0 | 10.99 | 77.37 | 88.36 | NOTE | |
| r-devel-linux-x86_64-debian-gcc | 1.3.0 | 7.01 | 53.43 | 60.44 | NOTE | |
| r-devel-linux-x86_64-fedora-clang | 1.3.0 | 27.00 | 109.65 | 136.65 | OK | |
| r-devel-linux-x86_64-fedora-gcc | 1.3.0 | 26.00 | 104.90 | 130.90 | OK | |
| r-devel-windows-x86_64 | 1.3.0 | 12.00 | 84.00 | 96.00 | OK | |
| r-patched-linux-x86_64 | 1.3.0 | 12.34 | 73.69 | 86.03 | OK | |
| r-release-linux-x86_64 | 1.3.0 | 9.05 | 72.55 | 81.60 | OK | |
| r-release-macos-arm64 | 1.3.0 | 4.00 | 30.00 | 34.00 | OK | |
| r-release-macos-x86_64 | 1.3.0 | 8.00 | 49.00 | 57.00 | OK | |
| r-release-windows-x86_64 | 1.3.0 | 12.00 | 84.00 | 96.00 | OK | |
| r-oldrel-macos-arm64 | 1.3.0 | 4.00 | 29.00 | 33.00 | OK | |
| r-oldrel-macos-x86_64 | 1.3.0 | 6.00 | 44.00 | 50.00 | OK | |
| r-oldrel-windows-x86_64 | 1.3.0 | 16.00 | 105.00 | 121.00 | OK |
Version: 1.3.0
Check: CRAN incoming feasibility
Result: NOTE
Maintainer: ‘Michaela Dvorzak <m.dvorzak@gmx.at>’
Package CITATION file contains call(s) to old-style personList() or
as.personList(). Please use c() on person objects instead.
Package CITATION file contains call(s) to old-style citEntry(). Please
use bibentry() instead.
Flavors: r-devel-linux-x86_64-debian-clang, r-devel-linux-x86_64-debian-gcc