Last updated on 2025-10-22 05:51:21 CEST.
Flavor | Version | Tinstall | Tcheck | Ttotal | Status | Flags |
---|---|---|---|---|---|---|
r-devel-linux-x86_64-debian-clang | 0.12.2 | 24.81 | 232.80 | 257.61 | NOTE | |
r-devel-linux-x86_64-debian-gcc | 0.12.2 | 14.38 | 147.97 | 162.35 | NOTE | |
r-devel-linux-x86_64-fedora-clang | 0.12.2 | 51.00 | 324.28 | 375.28 | OK | |
r-devel-linux-x86_64-fedora-gcc | 0.12.2 | 52.00 | 316.29 | 368.29 | OK | |
r-devel-windows-x86_64 | 0.12.2 | 26.00 | 237.00 | 263.00 | OK | |
r-patched-linux-x86_64 | 0.12.2 | 35.95 | 218.66 | 254.61 | OK | |
r-release-linux-x86_64 | 0.12.2 | 21.03 | 218.67 | 239.70 | OK | |
r-release-macos-arm64 | 0.12.2 | 8.00 | 79.00 | 87.00 | OK | |
r-release-macos-x86_64 | 0.12.2 | 26.00 | 173.00 | 199.00 | OK | |
r-release-windows-x86_64 | 0.12.2 | 32.00 | 252.00 | 284.00 | OK | |
r-oldrel-macos-arm64 | 0.12.2 | 9.00 | 80.00 | 89.00 | OK | |
r-oldrel-macos-x86_64 | 0.12.2 | 20.00 | 118.00 | 138.00 | OK | |
r-oldrel-windows-x86_64 | 0.12.2 | 36.00 | 301.00 | 337.00 | OK |
Version: 0.12.2
Check: HTML version of manual
Result: NOTE
Found the following HTML validation problems:
print.action_levels.html:51:1 (print.action_levels.Rd:12): Warning: missing </ul> before </div>
print.ptblank_agent.html:56:1 (print.ptblank_agent.Rd:14): Warning: missing </ul> before </div>
print.ptblank_informant.html:56:1 (print.ptblank_informant.Rd:14): Warning: missing </ul> before </div>
print.ptblank_multiagent.html:56:1 (print.ptblank_multiagent.Rd:14): Warning: missing </ul> before </div>
print.ptblank_multiagent_report.long.html:56:1 (print.ptblank_multiagent_report.long.Rd:14): Warning: missing </ul> before </div>
print.ptblank_tbl_scan.html:56:1 (print.ptblank_tbl_scan.Rd:14): Warning: missing </ul> before </div>
print.read_fn.html:51:1 (print.read_fn.Rd:12): Warning: missing </ul> before </div>
print.tbl_store.html:51:1 (print.tbl_store.Rd:12): Warning: missing </ul> before </div>
print.x_list_i.html:51:1 (print.x_list_i.Rd:12): Warning: missing </ul> before </div>
print.x_list_n.html:52:1 (print.x_list_n.Rd:12): Warning: missing </ul> before </div>
Flavors: r-devel-linux-x86_64-debian-clang, r-devel-linux-x86_64-debian-gcc