Last updated on 2025-10-24 04:51:03 CEST.
| Flavor | Version | Tinstall | Tcheck | Ttotal | Status | Flags |
|---|---|---|---|---|---|---|
| r-devel-linux-x86_64-debian-clang | 1.0.2 | 2.65 | 23.39 | 26.04 | NOTE | |
| r-devel-linux-x86_64-debian-gcc | 1.0.2 | 1.98 | 18.00 | 19.98 | NOTE | |
| r-devel-linux-x86_64-fedora-clang | 1.0.2 | 38.34 | OK | |||
| r-devel-linux-x86_64-fedora-gcc | 1.0.2 | 36.62 | OK | |||
| r-devel-windows-x86_64 | 1.0.2 | 4.00 | 37.00 | 41.00 | OK | |
| r-patched-linux-x86_64 | 1.0.2 | 2.63 | 22.13 | 24.76 | OK | |
| r-release-linux-x86_64 | 1.0.2 | 2.49 | 22.09 | 24.58 | OK | |
| r-release-macos-arm64 | 1.0.2 | 1.00 | 14.00 | 15.00 | OK | |
| r-release-macos-x86_64 | 1.0.2 | 2.00 | 25.00 | 27.00 | OK | |
| r-release-windows-x86_64 | 1.0.2 | 5.00 | 41.00 | 46.00 | OK | |
| r-oldrel-macos-arm64 | 1.0.2 | 1.00 | 14.00 | 15.00 | OK | |
| r-oldrel-macos-x86_64 | 1.0.2 | 2.00 | 21.00 | 23.00 | OK | |
| r-oldrel-windows-x86_64 | 1.0.2 | 3.00 | 39.00 | 42.00 | OK |
Version: 1.0.2
Check: CRAN incoming feasibility
Result: NOTE
Maintainer: ‘David Pechel Cactcha <davidpechel@uy1.uninet.cm>’
No Authors@R field in DESCRIPTION.
Please add one, modifying
Authors@R: c(person(given = c("David", "Pechel"),
family = "Cactcha",
role = c("aut", "cre"),
email = "davidpechel@uy1.uninet.cm"),
person(given = c("Laure", "Pauline"),
family = "Fotso",
role = "aut"),
person(given = c("Celestin", "C"),
family = "Kokonendji",
role = "aut"))
as necessary.
Flavors: r-devel-linux-x86_64-debian-clang, r-devel-linux-x86_64-debian-gcc