Last updated on 2025-10-22 05:51:21 CEST.
Flavor | Version | Tinstall | Tcheck | Ttotal | Status | Flags |
---|---|---|---|---|---|---|
r-devel-linux-x86_64-debian-clang | 6.3 | 25.82 | 108.03 | 133.85 | NOTE | |
r-devel-linux-x86_64-debian-gcc | 6.3 | 20.94 | 71.47 | 92.41 | NOTE | |
r-devel-linux-x86_64-fedora-clang | 6.3 | 64.00 | 135.06 | 199.06 | OK | |
r-devel-linux-x86_64-fedora-gcc | 6.3 | 64.00 | 126.35 | 190.35 | OK | |
r-devel-windows-x86_64 | 6.3 | 42.00 | 139.00 | 181.00 | OK | |
r-patched-linux-x86_64 | 6.3 | 31.89 | 99.04 | 130.93 | OK | |
r-release-linux-x86_64 | 6.3 | 27.68 | 96.59 | 124.27 | OK | |
r-release-macos-arm64 | 6.3 | 14.00 | 64.00 | 78.00 | OK | |
r-release-macos-x86_64 | 6.3 | 30.00 | 105.00 | 135.00 | OK | |
r-release-windows-x86_64 | 6.3 | 43.00 | 140.00 | 183.00 | OK | |
r-oldrel-macos-arm64 | 6.3 | 15.00 | 54.00 | 69.00 | OK | |
r-oldrel-macos-x86_64 | 6.3 | 28.00 | 96.00 | 124.00 | OK | |
r-oldrel-windows-x86_64 | 6.3 | 47.00 | 166.00 | 213.00 | OK |
Version: 6.3
Check: HTML version of manual
Result: NOTE
Found the following HTML validation problems:
as_pomp.html:50:1 (as_pomp.Rd:13): Warning: missing </ul> before </div>
pStop.html:63:1 (pStop.Rd:30): Warning: missing </ul> before </div>
plot.html:162:1 (plot.Rd:95): Warning: missing </ul> before </div>
print.html:57:1 (print.Rd:19): Warning: missing </ul> before </div>
window.html:55:1 (window.Rd:16): Warning: missing </ul> before </div>
Flavors: r-devel-linux-x86_64-debian-clang, r-devel-linux-x86_64-debian-gcc