Last updated on 2025-10-22 05:51:21 CEST.
Flavor | Version | Tinstall | Tcheck | Ttotal | Status | Flags |
---|---|---|---|---|---|---|
r-devel-linux-x86_64-debian-clang | 2.9.8 | 31.42 | 245.78 | 277.20 | NOTE | |
r-devel-linux-x86_64-debian-gcc | 2.9.8 | 20.56 | 169.94 | 190.50 | NOTE | |
r-devel-linux-x86_64-fedora-clang | 2.9.8 | 339.00 | 122.81 | 461.81 | OK | |
r-devel-linux-x86_64-fedora-gcc | 2.9.8 | 77.00 | 337.18 | 414.18 | OK | |
r-devel-windows-x86_64 | 2.9.8 | 39.00 | 269.00 | 308.00 | OK | |
r-patched-linux-x86_64 | 2.9.8 | 33.94 | 229.77 | 263.71 | OK | |
r-release-linux-x86_64 | 2.9.8 | 29.08 | 227.40 | 256.48 | OK | |
r-release-macos-arm64 | 2.9.8 | 12.00 | 95.00 | 107.00 | OK | |
r-release-macos-x86_64 | 2.9.8 | 28.00 | 183.00 | 211.00 | OK | |
r-release-windows-x86_64 | 2.9.8 | 41.00 | 267.00 | 308.00 | OK | |
r-oldrel-macos-arm64 | 2.9.8 | 16.00 | 102.00 | 118.00 | OK | |
r-oldrel-macos-x86_64 | 2.9.8 | 28.00 | 175.00 | 203.00 | OK | |
r-oldrel-windows-x86_64 | 2.9.8 | 52.00 | 340.00 | 392.00 | OK |
Version: 2.9.8
Check: HTML version of manual
Result: NOTE
Found the following HTML validation problems:
bruvo.msn.html:198:1 (bruvo.msn.Rd:133): Warning: <h4> anchor "mlg.compute" already defined
plot_poppr_msn.html:247:1 (plot_poppr_msn.Rd:163): Warning: <h4> anchor "mlg.compute" already defined
poppr.msn.html:186:1 (poppr.msn.Rd:125): Warning: <h4> anchor "mlg.compute" already defined
Flavors: r-devel-linux-x86_64-debian-clang, r-devel-linux-x86_64-debian-gcc