Last updated on 2025-10-24 04:51:03 CEST.
| Flavor | Version | Tinstall | Tcheck | Ttotal | Status | Flags |
|---|---|---|---|---|---|---|
| r-devel-linux-x86_64-debian-clang | 0.3 | 2.94 | 22.74 | 25.68 | NOTE | |
| r-devel-linux-x86_64-debian-gcc | 0.3 | 2.25 | 19.35 | 21.60 | NOTE | |
| r-devel-linux-x86_64-fedora-clang | 0.3 | 38.28 | NOTE | |||
| r-devel-linux-x86_64-fedora-gcc | 0.3 | 36.39 | NOTE | |||
| r-devel-windows-x86_64 | 0.3 | 6.00 | 45.00 | 51.00 | OK | |
| r-patched-linux-x86_64 | 0.3 | 2.62 | 21.89 | 24.51 | OK | |
| r-release-linux-x86_64 | 0.3 | 2.64 | 21.76 | 24.40 | OK | |
| r-release-macos-arm64 | 0.3 | 3.00 | 17.00 | 20.00 | OK | |
| r-release-macos-x86_64 | 0.3 | 4.00 | 26.00 | 30.00 | OK | |
| r-release-windows-x86_64 | 0.3 | 8.00 | 51.00 | 59.00 | OK | |
| r-oldrel-macos-arm64 | 0.3 | 3.00 | 18.00 | 21.00 | OK | |
| r-oldrel-macos-x86_64 | 0.3 | 3.00 | 21.00 | 24.00 | OK | |
| r-oldrel-windows-x86_64 | 0.3 | 7.00 | 45.00 | 52.00 | OK |
Version: 0.3
Check: CRAN incoming feasibility
Result: NOTE
Maintainer: ‘Guillaume Chapron <gchapron@carnivoreconservation.org>’
No Authors@R field in DESCRIPTION.
Please add one, modifying
Authors@R: person(given = "Guillaume",
family = "Chapron",
role = c("aut", "cre"),
email = "gchapron@carnivoreconservation.org")
as necessary.
Flavors: r-devel-linux-x86_64-debian-clang, r-devel-linux-x86_64-debian-gcc
Version: 0.3
Check: compiled code
Result: NOTE
File ‘population/libs/population.so’:
Found no calls to: ‘R_registerRoutines’, ‘R_useDynamicSymbols’
It is good practice to register native routines and to disable symbol
search.
See ‘Writing portable packages’ in the ‘Writing R Extensions’ manual.
Flavors: r-devel-linux-x86_64-fedora-clang, r-devel-linux-x86_64-fedora-gcc