Last updated on 2025-10-24 04:51:03 CEST.
| Flavor | Version | Tinstall | Tcheck | Ttotal | Status | Flags |
|---|---|---|---|---|---|---|
| r-devel-linux-x86_64-debian-clang | 0.4.4 | 5.49 | 271.10 | 276.59 | NOTE | |
| r-devel-linux-x86_64-debian-gcc | 0.4.4 | 3.91 | 176.31 | 180.22 | OK | |
| r-devel-linux-x86_64-fedora-clang | 0.4.4 | 14.00 | 427.16 | 441.16 | OK | |
| r-devel-linux-x86_64-fedora-gcc | 0.4.4 | 13.00 | 435.72 | 448.72 | OK | |
| r-devel-windows-x86_64 | 0.4.4 | 7.00 | 319.00 | 326.00 | OK | |
| r-patched-linux-x86_64 | 0.4.4 | 6.22 | 255.93 | 262.15 | OK | |
| r-release-linux-x86_64 | 0.4.4 | 3.89 | 256.62 | 260.51 | OK | |
| r-release-macos-arm64 | 0.4.4 | 2.00 | 171.00 | 173.00 | OK | |
| r-release-macos-x86_64 | 0.4.4 | 5.00 | 249.00 | 254.00 | OK | |
| r-release-windows-x86_64 | 0.4.4 | 8.00 | 317.00 | 325.00 | OK | |
| r-oldrel-macos-arm64 | 0.4.4 | 3.00 | 170.00 | 173.00 | OK | |
| r-oldrel-macos-x86_64 | 0.4.4 | 5.00 | 274.00 | 279.00 | OK | |
| r-oldrel-windows-x86_64 | 0.4.4 | 10.00 | 408.00 | 418.00 | OK |
Version: 0.4.4
Check: HTML version of manual
Result: NOTE
Found the following HTML validation problems:
clean_plant_data.html:80:1 (clean_plant_data.Rd:30): Warning: missing </ul> before </div>
clean_rodent_data.html:81:1 (clean_rodent_data.Rd:27): Warning: missing </ul> before </div>
load_datafile.html:82:1 (load_datafile.Rd:34): Warning: missing </ul> before </div>
ndvi.html:77:1 (ndvi.Rd:31): Warning: missing </ul> before </div>
phenocam.html:51:1 (phenocam.Rd:13): Warning: missing </ul> before </div>
print.html:51:1 (print.Rd:13): Warning: missing </ul> before </div>
weather.html:71:1 (weather.Rd:27): Warning: missing </ul> before </div>
Flavor: r-devel-linux-x86_64-debian-clang