Last updated on 2025-10-22 05:51:21 CEST.
Flavor | Version | Tinstall | Tcheck | Ttotal | Status | Flags |
---|---|---|---|---|---|---|
r-devel-linux-x86_64-debian-clang | 0.1.1 | 4.30 | 48.92 | 53.22 | NOTE | |
r-devel-linux-x86_64-debian-gcc | 0.1.1 | 2.86 | 36.61 | 39.47 | NOTE | |
r-devel-linux-x86_64-fedora-clang | 0.1.1 | 78.12 | OK | |||
r-devel-linux-x86_64-fedora-gcc | 0.1.1 | 10.00 | 80.68 | 90.68 | OK | |
r-devel-windows-x86_64 | 0.1.1 | 5.00 | 67.00 | 72.00 | OK | |
r-patched-linux-x86_64 | 0.1.1 | 4.08 | 45.33 | 49.41 | OK | |
r-release-linux-x86_64 | 0.1.1 | 3.54 | 45.01 | 48.55 | OK | |
r-release-macos-arm64 | 0.1.1 | 2.00 | 28.00 | 30.00 | OK | |
r-release-macos-x86_64 | 0.1.1 | 3.00 | 70.00 | 73.00 | OK | |
r-release-windows-x86_64 | 0.1.1 | 5.00 | 73.00 | 78.00 | OK | |
r-oldrel-macos-arm64 | 0.1.1 | 2.00 | 40.00 | 42.00 | OK | |
r-oldrel-macos-x86_64 | 0.1.1 | 3.00 | 62.00 | 65.00 | OK | |
r-oldrel-windows-x86_64 | 0.1.1 | 6.00 | 79.00 | 85.00 | OK |
Version: 0.1.1
Check: HTML version of manual
Result: NOTE
Found the following HTML validation problems:
negloglik_hp.html:55:1 (negloglik_hp.Rd:15): Warning: missing </ul> before </div>
Flavors: r-devel-linux-x86_64-debian-clang, r-devel-linux-x86_64-debian-gcc