Last updated on 2025-07-21 08:50:12 CEST.
Flavor | Version | Tinstall | Tcheck | Ttotal | Status | Flags |
---|---|---|---|---|---|---|
r-devel-linux-x86_64-debian-clang | 0.2.5 | 7.85 | 430.41 | 438.26 | OK | |
r-devel-linux-x86_64-debian-gcc | 0.2.5 | 5.04 | 289.47 | 294.51 | OK | |
r-devel-linux-x86_64-fedora-clang | 0.2.5 | 678.36 | OK | |||
r-devel-linux-x86_64-fedora-gcc | 0.2.5 | 672.77 | OK | |||
r-devel-windows-x86_64 | 0.2.5 | 11.00 | 432.00 | 443.00 | OK | |
r-patched-linux-x86_64 | 0.2.5 | 7.79 | 406.62 | 414.41 | OK | |
r-release-linux-x86_64 | 0.2.5 | 7.73 | 407.65 | 415.38 | OK | |
r-release-macos-arm64 | 0.2.5 | 191.00 | OK | |||
r-release-macos-x86_64 | 0.2.5 | 413.00 | OK | |||
r-release-windows-x86_64 | 0.2.5 | 10.00 | 434.00 | 444.00 | OK | |
r-oldrel-macos-arm64 | 0.2.5 | 198.00 | NOTE | |||
r-oldrel-macos-x86_64 | 0.2.5 | 502.00 | NOTE | |||
r-oldrel-windows-x86_64 | 0.2.5 | 13.00 | 562.00 | 575.00 | NOTE |
Version: 0.2.5
Check: installed package size
Result: NOTE
installed size is 11.0Mb
sub-directories of 1Mb or more:
doc 10.5Mb
Flavors: r-oldrel-macos-arm64, r-oldrel-macos-x86_64, r-oldrel-windows-x86_64