Last updated on 2025-10-22 05:51:21 CEST.
Flavor | Version | Tinstall | Tcheck | Ttotal | Status | Flags |
---|---|---|---|---|---|---|
r-devel-linux-x86_64-debian-clang | 1.0.6 | 2.32 | 26.66 | 28.98 | NOTE | |
r-devel-linux-x86_64-debian-gcc | 1.0.6 | 1.80 | 20.88 | 22.68 | NOTE | |
r-devel-linux-x86_64-fedora-clang | 1.0.6 | 41.30 | OK | |||
r-devel-linux-x86_64-fedora-gcc | 1.0.6 | 39.67 | OK | |||
r-devel-windows-x86_64 | 1.0.6 | 3.00 | 48.00 | 51.00 | OK | |
r-patched-linux-x86_64 | 1.0.6 | 2.57 | 24.17 | 26.74 | OK | |
r-release-linux-x86_64 | 1.0.6 | 2.22 | 24.57 | 26.79 | OK | |
r-release-macos-arm64 | 1.0.6 | 1.00 | 16.00 | 17.00 | OK | |
r-release-macos-x86_64 | 1.0.6 | 2.00 | 29.00 | 31.00 | OK | |
r-release-windows-x86_64 | 1.0.6 | 4.00 | 51.00 | 55.00 | OK | |
r-oldrel-macos-arm64 | 1.0.6 | 1.00 | 21.00 | 22.00 | OK | |
r-oldrel-macos-x86_64 | 1.0.6 | 2.00 | 30.00 | 32.00 | OK | |
r-oldrel-windows-x86_64 | 1.0.6 | 4.00 | 53.00 | 57.00 | OK |
Version: 1.0.6
Check: CRAN incoming feasibility
Result: NOTE
Maintainer: ‘Jessica J. Kraker <krakerjj@uwec.edu>’
The Description field contains
mathematical derivations and applications can be found on arXiv:
Please refer to arXiv e-prints via their arXiv DOI <doi:10.48550/arXiv.YYMM.NNNNN>.
Flavors: r-devel-linux-x86_64-debian-clang, r-devel-linux-x86_64-debian-gcc