Last updated on 2025-07-19 08:48:45 CEST.
Flavor | Version | Tinstall | Tcheck | Ttotal | Status | Flags |
---|---|---|---|---|---|---|
r-devel-linux-x86_64-debian-clang | 2.0.1 | 14.49 | 41.85 | 56.34 | OK | |
r-devel-linux-x86_64-debian-gcc | 2.0.1 | 11.65 | 34.86 | 46.51 | OK | |
r-devel-linux-x86_64-fedora-clang | 2.0.1 | 83.93 | OK | |||
r-devel-linux-x86_64-fedora-gcc | 2.0.1 | 97.11 | OK | |||
r-devel-windows-x86_64 | 2.0.1 | 17.00 | 62.00 | 79.00 | OK | |
r-patched-linux-x86_64 | 2.0.1 | 14.96 | 39.18 | 54.14 | OK | |
r-release-linux-x86_64 | 2.0.1 | 13.44 | 39.41 | 52.85 | OK | |
r-release-macos-arm64 | 2.0.1 | 45.00 | OK | |||
r-release-macos-x86_64 | 2.0.1 | 72.00 | OK | |||
r-release-windows-x86_64 | 2.0.1 | 16.00 | 59.00 | 75.00 | OK | |
r-oldrel-macos-arm64 | 2.0.1 | 44.00 | NOTE | |||
r-oldrel-macos-x86_64 | 2.0.1 | 60.00 | NOTE | |||
r-oldrel-windows-x86_64 | 2.0.1 | 22.00 | 79.00 | 101.00 | OK |
Version: 2.0.1
Check: installed package size
Result: NOTE
installed size is 5.9Mb
sub-directories of 1Mb or more:
R 3.0Mb
data 2.8Mb
Flavors: r-oldrel-macos-arm64, r-oldrel-macos-x86_64