Last updated on 2025-10-22 05:51:22 CEST.
Flavor | Version | Tinstall | Tcheck | Ttotal | Status | Flags |
---|---|---|---|---|---|---|
r-devel-linux-x86_64-debian-clang | 0.2.2 | 2.70 | 38.05 | 40.75 | NOTE | |
r-devel-linux-x86_64-debian-gcc | 0.2.2 | 1.98 | 29.71 | 31.69 | NOTE | |
r-devel-linux-x86_64-fedora-clang | 0.2.2 | 56.21 | OK | |||
r-devel-linux-x86_64-fedora-gcc | 0.2.2 | 67.68 | OK | |||
r-devel-windows-x86_64 | 0.2.2 | 4.00 | 48.00 | 52.00 | OK | |
r-patched-linux-x86_64 | 0.2.2 | 2.52 | 35.20 | 37.72 | OK | |
r-release-linux-x86_64 | 0.2.2 | 2.40 | 35.51 | 37.91 | OK | |
r-release-macos-arm64 | 0.2.2 | 1.00 | 24.00 | 25.00 | OK | |
r-release-macos-x86_64 | 0.2.2 | 2.00 | 47.00 | 49.00 | OK | |
r-release-windows-x86_64 | 0.2.2 | 5.00 | 49.00 | 54.00 | OK | |
r-oldrel-macos-arm64 | 0.2.2 | 1.00 | 23.00 | 24.00 | NOTE | |
r-oldrel-macos-x86_64 | 0.2.2 | 2.00 | 34.00 | 36.00 | NOTE | |
r-oldrel-windows-x86_64 | 0.2.2 | 3.00 | 56.00 | 59.00 | NOTE |
Version: 0.2.2
Check: HTML version of manual
Result: NOTE
Found the following HTML validation problems:
add_y_axis.html:71:1 (add_y_axis.Rd:25): Warning: missing </ul> before </div>
boxplot.prettyB.html:100:1 (boxplot.prettyB.Rd:55): Warning: missing </ul> before </div>
Flavors: r-devel-linux-x86_64-debian-clang, r-devel-linux-x86_64-debian-gcc
Version: 0.2.2
Check: LazyData
Result: NOTE
'LazyData' is specified without a 'data' directory
Flavors: r-oldrel-macos-arm64, r-oldrel-macos-x86_64, r-oldrel-windows-x86_64