Last updated on 2025-10-22 05:51:22 CEST.
Flavor | Version | Tinstall | Tcheck | Ttotal | Status | Flags |
---|---|---|---|---|---|---|
r-devel-linux-x86_64-debian-clang | 5.0.0 | 17.13 | 223.25 | 240.38 | NOTE | |
r-devel-linux-x86_64-debian-gcc | 5.0.0 | 12.11 | 158.98 | 171.09 | NOTE | |
r-devel-linux-x86_64-fedora-clang | 5.0.0 | 35.00 | 336.57 | 371.57 | OK | |
r-devel-linux-x86_64-fedora-gcc | 5.0.0 | 33.00 | 364.22 | 397.22 | OK | |
r-devel-windows-x86_64 | 5.0.0 | 18.00 | 220.00 | 238.00 | OK | |
r-patched-linux-x86_64 | 5.0.0 | 16.80 | 213.78 | 230.58 | OK | |
r-release-linux-x86_64 | 5.0.0 | 15.45 | 215.00 | 230.45 | OK | |
r-release-macos-arm64 | 5.0.0 | 7.00 | 108.00 | 115.00 | OK | |
r-release-macos-x86_64 | 5.0.0 | 14.00 | 185.00 | 199.00 | OK | |
r-release-windows-x86_64 | 5.0.0 | 19.00 | 221.00 | 240.00 | OK | |
r-oldrel-macos-arm64 | 5.0.0 | 7.00 | 96.00 | 103.00 | OK | |
r-oldrel-macos-x86_64 | 5.0.0 | 12.00 | 143.00 | 155.00 | OK | |
r-oldrel-windows-x86_64 | 5.0.0 | 25.00 | 280.00 | 305.00 | OK |
Version: 5.0.0
Check: HTML version of manual
Result: NOTE
Found the following HTML validation problems:
theme_prevR.html:48:1 (theme_prevR.Rd:13): Warning: missing </ul> before </div>
Flavors: r-devel-linux-x86_64-debian-clang, r-devel-linux-x86_64-debian-gcc