CRAN Package Check Results for Package prisonbrief

Last updated on 2025-10-22 05:51:22 CEST.

Flavor Version Tinstall Tcheck Ttotal Status Flags
r-devel-linux-x86_64-debian-clang 0.1.2 6.28 53.77 60.05 NOTE
r-devel-linux-x86_64-debian-gcc 0.1.2 4.59 41.64 46.23 NOTE
r-devel-linux-x86_64-fedora-clang 0.1.2 16.00 77.37 93.37 OK
r-devel-linux-x86_64-fedora-gcc 0.1.2 26.00 70.78 96.78 OK
r-devel-windows-x86_64 0.1.2 7.00 65.00 72.00 OK
r-patched-linux-x86_64 0.1.2 4.73 51.74 56.47 OK
r-release-linux-x86_64 0.1.2 6.53 52.04 58.57 OK
r-release-macos-arm64 0.1.2 10.00 69.00 79.00 OK
r-release-macos-x86_64 0.1.2 31.00 169.00 200.00 OK
r-release-windows-x86_64 0.1.2 8.00 66.00 74.00 OK
r-oldrel-macos-arm64 0.1.2 10.00 69.00 79.00 OK
r-oldrel-macos-x86_64 0.1.2 16.00 160.00 176.00 OK
r-oldrel-windows-x86_64 0.1.2 10.00 79.00 89.00 OK

Check Details

Version: 0.1.2
Check: CRAN incoming feasibility
Result: NOTE Maintainer: ‘Danilo Freire <danilofreire@gmail.com>’ Package CITATION file contains call(s) to old-style personList() or as.personList(). Please use c() on person objects instead. Package CITATION file contains call(s) to old-style citEntry(). Please use bibentry() instead. Flavors: r-devel-linux-x86_64-debian-clang, r-devel-linux-x86_64-debian-gcc

Version: 0.1.2
Check: HTML version of manual
Result: NOTE Found the following HTML validation problems: wpb_region_list.html:51:1 (wpb_region_list.Rd:15): Warning: missing </ul> before </div> Flavors: r-devel-linux-x86_64-debian-clang, r-devel-linux-x86_64-debian-gcc