Last updated on 2025-10-22 05:51:22 CEST.
Flavor | Version | Tinstall | Tcheck | Ttotal | Status | Flags |
---|---|---|---|---|---|---|
r-devel-linux-x86_64-debian-clang | 2.1.3 | 6.30 | 50.44 | 56.74 | OK | |
r-devel-linux-x86_64-debian-gcc | 2.1.3 | 3.32 | 37.14 | 40.46 | OK | |
r-devel-linux-x86_64-fedora-clang | 2.1.3 | 13.00 | 70.89 | 83.89 | NOTE | |
r-devel-linux-x86_64-fedora-gcc | 2.1.3 | 27.00 | 58.73 | 85.73 | NOTE | |
r-devel-windows-x86_64 | 2.1.3 | 7.00 | 66.00 | 73.00 | OK | |
r-patched-linux-x86_64 | 2.1.3 | 5.43 | 46.95 | 52.38 | OK | |
r-release-linux-x86_64 | 2.1.3 | 5.37 | 46.47 | 51.84 | OK | |
r-release-macos-arm64 | 2.1.3 | 3.00 | 26.00 | 29.00 | OK | |
r-release-macos-x86_64 | 2.1.3 | 7.00 | 88.00 | 95.00 | OK | |
r-release-windows-x86_64 | 2.1.3 | 9.00 | 68.00 | 77.00 | OK | |
r-oldrel-macos-arm64 | 2.1.3 | 3.00 | 24.00 | 27.00 | OK | |
r-oldrel-macos-x86_64 | 2.1.3 | 4.00 | 61.00 | 65.00 | OK | |
r-oldrel-windows-x86_64 | 2.1.3 | 9.00 | 78.00 | 87.00 | OK |
Version: 2.1.3
Check: dependencies in R code
Result: NOTE
Namespace in Imports field not imported from: ‘methods’
All declared Imports should be used.
Flavors: r-devel-linux-x86_64-fedora-clang, r-devel-linux-x86_64-fedora-gcc