Last updated on 2025-10-22 05:51:22 CEST.
Flavor | Version | Tinstall | Tcheck | Ttotal | Status | Flags |
---|---|---|---|---|---|---|
r-devel-linux-x86_64-debian-clang | 1.4.0 | 27.32 | 301.27 | 328.59 | NOTE | |
r-devel-linux-x86_64-debian-gcc | 1.4.0 | 16.96 | 202.67 | 219.63 | NOTE | |
r-devel-linux-x86_64-fedora-clang | 1.4.0 | 123.00 | 411.63 | 534.63 | OK | |
r-devel-linux-x86_64-fedora-gcc | 1.4.0 | 64.00 | 453.87 | 517.87 | OK | |
r-devel-windows-x86_64 | 1.4.0 | 29.00 | 281.00 | 310.00 | OK | |
r-patched-linux-x86_64 | 1.4.0 | 25.31 | 281.62 | 306.93 | OK | |
r-release-linux-x86_64 | 1.4.0 | 27.44 | 282.24 | 309.68 | OK | |
r-release-macos-arm64 | 1.4.0 | 11.00 | 113.00 | 124.00 | OK | |
r-release-macos-x86_64 | 1.4.0 | 26.00 | 223.00 | 249.00 | OK | |
r-release-windows-x86_64 | 1.4.0 | 30.00 | 280.00 | 310.00 | OK | |
r-oldrel-macos-arm64 | 1.4.0 | 11.00 | 107.00 | 118.00 | OK | |
r-oldrel-macos-x86_64 | 1.4.0 | 17.00 | 171.00 | 188.00 | OK | |
r-oldrel-windows-x86_64 | 1.4.0 | 41.00 | 373.00 | 414.00 | OK |
Version: 1.4.0
Check: HTML version of manual
Result: NOTE
Found the following HTML validation problems:
pool_performance_internal.html:61:1 (pool_performance_internal.Rd:19): Warning: missing </ul> before </div>
Flavors: r-devel-linux-x86_64-debian-clang, r-devel-linux-x86_64-debian-gcc