Last updated on 2025-10-24 04:51:04 CEST.
| Flavor | Version | Tinstall | Tcheck | Ttotal | Status | Flags |
|---|---|---|---|---|---|---|
| r-devel-linux-x86_64-debian-clang | 1.0-21 | 4.22 | 19.10 | 23.32 | NOTE | |
| r-devel-linux-x86_64-debian-gcc | 1.0-21 | 2.89 | 15.25 | 18.14 | NOTE | |
| r-devel-linux-x86_64-fedora-clang | 1.0-21 | 35.31 | OK | |||
| r-devel-linux-x86_64-fedora-gcc | 1.0-21 | 32.96 | OK | |||
| r-devel-windows-x86_64 | 1.0-21 | 7.00 | 40.00 | 47.00 | OK | |
| r-patched-linux-x86_64 | 1.0-21 | 3.26 | 18.19 | 21.45 | OK | |
| r-release-linux-x86_64 | 1.0-21 | 3.47 | 18.23 | 21.70 | OK | |
| r-release-macos-arm64 | 1.0-21 | 3.00 | 15.00 | 18.00 | OK | |
| r-release-macos-x86_64 | 1.0-21 | 8.00 | 33.00 | 41.00 | OK | |
| r-release-windows-x86_64 | 1.0-21 | 6.00 | 45.00 | 51.00 | OK | |
| r-oldrel-macos-arm64 | 1.0-21 | 3.00 | 19.00 | 22.00 | OK | |
| r-oldrel-macos-x86_64 | 1.0-21 | 13.00 | 37.00 | 50.00 | OK | |
| r-oldrel-windows-x86_64 | 1.0-20 | 11.00 | 40.00 | 51.00 | OK |
Version: 1.0-21
Check: CRAN incoming feasibility
Result: NOTE
Maintainer: ‘Brian Ripley <Brian.Ripley@R-project.org>’
No Authors@R field in DESCRIPTION.
Please add one, modifying
Authors@R: c(person(given = c("S", "original", "by", "Jim", "Ramsey.", "R", "port", "by", "Brian", "Ripley"),
family = "<Brian.Ripley@R-project.org>.",
role = "aut",
email = "Brian.Ripley@R-project.org"),
person(given = "Brian",
family = "Ripley",
role = "cre",
email = "Brian.Ripley@R-project.org"))
as necessary.
Flavors: r-devel-linux-x86_64-debian-clang, r-devel-linux-x86_64-debian-gcc