Last updated on 2025-10-22 05:51:22 CEST.
Flavor | Version | Tinstall | Tcheck | Ttotal | Status | Flags |
---|---|---|---|---|---|---|
r-devel-linux-x86_64-debian-clang | 2.7.0 | 57.64 | 366.83 | 424.47 | NOTE | |
r-devel-linux-x86_64-debian-gcc | 2.7.0 | 34.98 | 219.66 | 254.64 | NOTE | |
r-devel-linux-x86_64-fedora-clang | 2.7.0 | 151.00 | 530.85 | 681.85 | OK | |
r-devel-linux-x86_64-fedora-gcc | 2.7.0 | 128.00 | 546.15 | 674.15 | OK | |
r-devel-windows-x86_64 | 2.7.0 | 55.00 | 318.00 | 373.00 | OK | |
r-patched-linux-x86_64 | 2.7.0 | 57.56 | 343.89 | 401.45 | OK | |
r-release-linux-x86_64 | 2.7.0 | 51.36 | 340.34 | 391.70 | OK | |
r-release-macos-arm64 | 2.7.0 | 22.00 | 125.00 | 147.00 | OK | |
r-release-macos-x86_64 | 2.7.0 | 51.00 | 277.00 | 328.00 | OK | |
r-release-windows-x86_64 | 2.7.0 | 60.00 | 323.00 | 383.00 | OK | |
r-oldrel-macos-arm64 | 2.7.0 | 23.00 | 131.00 | 154.00 | OK | |
r-oldrel-macos-x86_64 | 2.7.0 | 53.00 | 306.00 | 359.00 | OK | |
r-oldrel-windows-x86_64 | 2.7.0 | 76.00 | 430.00 | 506.00 | OK |
Version: 2.7.0
Check: HTML version of manual
Result: NOTE
Found the following HTML validation problems:
confint.html:53:1 (confint.Rd:13): Warning: missing </ul> before </div>
print.html:80:1 (print.Rd:27): Warning: missing </ul> before </div>
Flavors: r-devel-linux-x86_64-debian-clang, r-devel-linux-x86_64-debian-gcc