Last updated on 2025-10-24 04:51:04 CEST.
| Flavor | Version | Tinstall | Tcheck | Ttotal | Status | Flags |
|---|---|---|---|---|---|---|
| r-devel-linux-x86_64-debian-clang | 2.5.2 | 11.50 | 42.50 | 54.00 | NOTE | |
| r-devel-linux-x86_64-debian-gcc | 2.5.2 | 7.52 | 29.59 | 37.11 | OK | |
| r-devel-linux-x86_64-fedora-clang | 2.5.2 | 40.00 | 47.73 | 87.73 | OK | |
| r-devel-linux-x86_64-fedora-gcc | 2.5.2 | 33.00 | 47.44 | 80.44 | OK | |
| r-devel-windows-x86_64 | 2.5.2 | 14.00 | 79.00 | 93.00 | OK | |
| r-patched-linux-x86_64 | 2.5.2 | 11.23 | 39.66 | 50.89 | OK | |
| r-release-linux-x86_64 | 2.5.2 | 10.76 | 39.02 | 49.78 | OK | |
| r-release-macos-arm64 | 2.5.2 | 5.00 | 22.00 | 27.00 | OK | |
| r-release-macos-x86_64 | 2.5.2 | 9.00 | 35.00 | 44.00 | OK | |
| r-release-windows-x86_64 | 2.5.2 | 15.00 | 82.00 | 97.00 | OK | |
| r-oldrel-macos-arm64 | 2.5.2 | 6.00 | 19.00 | 25.00 | OK | |
| r-oldrel-macos-x86_64 | 2.5.2 | 8.00 | 29.00 | 37.00 | OK | |
| r-oldrel-windows-x86_64 | 2.5.2 | 14.00 | 102.00 | 116.00 | OK |
Version: 2.5.2
Check: HTML version of manual
Result: NOTE
Found the following HTML validation problems:
SetUnitSystem.html:47:1 (SetUnitSystem.Rd:11): Warning: missing </ul> before </div>
Flavor: r-devel-linux-x86_64-debian-clang