Last updated on 2025-10-24 04:51:04 CEST.
| Flavor | Version | Tinstall | Tcheck | Ttotal | Status | Flags |
|---|---|---|---|---|---|---|
| r-devel-linux-x86_64-debian-clang | 0.1.0 | 1.75 | 23.77 | 25.52 | OK | |
| r-devel-linux-x86_64-debian-gcc | 0.1.0 | 1.47 | 19.15 | 20.62 | OK | |
| r-devel-linux-x86_64-fedora-clang | 0.1.0 | 40.38 | OK | |||
| r-devel-linux-x86_64-fedora-gcc | 0.1.0 | 37.61 | OK | |||
| r-devel-windows-x86_64 | 0.1.0 | 3.00 | 41.00 | 44.00 | OK | |
| r-patched-linux-x86_64 | 0.1.0 | 1.89 | 22.43 | 24.32 | OK | |
| r-release-linux-x86_64 | 0.1.0 | 1.57 | 22.32 | 23.89 | OK | |
| r-release-macos-arm64 | 0.1.0 | 1.00 | 16.00 | 17.00 | OK | |
| r-release-macos-x86_64 | 0.1.0 | 3.00 | 28.00 | 31.00 | OK | |
| r-release-windows-x86_64 | 0.1.0 | 3.00 | 42.00 | 45.00 | OK | |
| r-oldrel-macos-arm64 | 0.1.0 | 1.00 | 16.00 | 17.00 | NOTE | |
| r-oldrel-macos-x86_64 | 0.1.0 | 2.00 | 22.00 | 24.00 | NOTE | |
| r-oldrel-windows-x86_64 | 0.1.0 | 3.00 | 44.00 | 47.00 | NOTE |
Version: 0.1.0
Check: LazyData
Result: NOTE
'LazyData' is specified without a 'data' directory
Flavors: r-oldrel-macos-arm64, r-oldrel-macos-x86_64, r-oldrel-windows-x86_64