Last updated on 2025-10-22 05:51:22 CEST.
Flavor | Version | Tinstall | Tcheck | Ttotal | Status | Flags |
---|---|---|---|---|---|---|
r-devel-linux-x86_64-debian-clang | 3.2.4 | 11.27 | 131.13 | 142.40 | NOTE | |
r-devel-linux-x86_64-debian-gcc | 3.2.4 | 7.93 | 91.44 | 99.37 | NOTE | |
r-devel-linux-x86_64-fedora-clang | 3.2.4 | 51.00 | 180.38 | 231.38 | NOTE | |
r-devel-linux-x86_64-fedora-gcc | 3.2.4 | 53.00 | 181.95 | 234.95 | NOTE | |
r-devel-windows-x86_64 | 3.2.4 | 12.00 | 159.00 | 171.00 | NOTE | |
r-patched-linux-x86_64 | 3.2.4 | 11.20 | 125.95 | 137.15 | NOTE | |
r-release-linux-x86_64 | 3.2.4 | 10.61 | 125.89 | 136.50 | NOTE | |
r-release-macos-arm64 | 3.2.4 | 5.00 | 58.00 | 63.00 | NOTE | |
r-release-macos-x86_64 | 3.2.4 | 9.00 | 142.00 | 151.00 | NOTE | |
r-release-windows-x86_64 | 3.2.4 | 14.00 | 159.00 | 173.00 | NOTE | |
r-oldrel-macos-arm64 | 3.2.4 | 4.00 | 64.00 | 68.00 | OK | |
r-oldrel-macos-x86_64 | 3.2.4 | 9.00 | 108.00 | 117.00 | OK | |
r-oldrel-windows-x86_64 | 3.2.4 | 18.00 | 192.00 | 210.00 | OK |
Version: 3.2.4
Check: DESCRIPTION meta-information
Result: NOTE
Missing dependency on R >= 4.1.0 because package code uses the pipe
|> or function shorthand \(...) syntax added in R 4.1.0.
File(s) using such syntax:
‘pwrFDR.R’
Flavors: r-devel-linux-x86_64-debian-clang, r-devel-linux-x86_64-debian-gcc, r-devel-linux-x86_64-fedora-clang, r-devel-linux-x86_64-fedora-gcc, r-devel-windows-x86_64, r-patched-linux-x86_64, r-release-linux-x86_64, r-release-macos-arm64, r-release-macos-x86_64, r-release-windows-x86_64