Last updated on 2025-10-22 05:51:22 CEST.
Flavor | Version | Tinstall | Tcheck | Ttotal | Status | Flags |
---|---|---|---|---|---|---|
r-devel-linux-x86_64-debian-clang | 1.3.7 | 3.90 | 46.41 | 50.31 | NOTE | |
r-devel-linux-x86_64-debian-gcc | 1.3.7 | 2.74 | 33.22 | 35.96 | NOTE | |
r-devel-linux-x86_64-fedora-clang | 1.3.7 | 16.00 | 58.49 | 74.49 | OK | |
r-devel-linux-x86_64-fedora-gcc | 1.3.7 | 66.06 | OK | |||
r-devel-windows-x86_64 | 1.3.7 | 4.00 | 65.00 | 69.00 | OK | |
r-patched-linux-x86_64 | 1.3.7 | 4.05 | 40.16 | 44.21 | OK | |
r-release-linux-x86_64 | 1.3.7 | 3.80 | 41.99 | 45.79 | OK | |
r-release-macos-arm64 | 1.3.7 | 2.00 | 22.00 | 24.00 | OK | |
r-release-macos-x86_64 | 1.3.7 | 3.00 | 40.00 | 43.00 | OK | |
r-release-windows-x86_64 | 1.3.7 | 6.00 | 68.00 | 74.00 | OK | |
r-oldrel-macos-arm64 | 1.3.7 | 2.00 | 21.00 | 23.00 | OK | |
r-oldrel-macos-x86_64 | 1.3.7 | 3.00 | 33.00 | 36.00 | OK | |
r-oldrel-windows-x86_64 | 1.3.7 | 7.00 | 76.00 | 83.00 | OK |
Version: 1.3.7
Check: HTML version of manual
Result: NOTE
Found the following HTML validation problems:
Deprecated.html:65:1 (Deprecated.Rd:20): Warning: missing </ul> before </div>
print.v_outer.html:55:1 (print.v_outer.Rd:14): Warning: missing </ul> before </div>
Flavors: r-devel-linux-x86_64-debian-clang, r-devel-linux-x86_64-debian-gcc