Last updated on 2025-10-22 05:51:22 CEST.
Flavor | Version | Tinstall | Tcheck | Ttotal | Status | Flags |
---|---|---|---|---|---|---|
r-devel-linux-x86_64-debian-clang | 0.3.0 | 4.52 | 103.80 | 108.32 | NOTE | |
r-devel-linux-x86_64-debian-gcc | 0.3.0 | 3.75 | 70.67 | 74.42 | NOTE | |
r-devel-linux-x86_64-fedora-clang | 0.3.0 | 14.00 | 152.65 | 166.65 | OK | |
r-devel-linux-x86_64-fedora-gcc | 0.3.0 | 25.00 | 168.69 | 193.69 | OK | |
r-devel-windows-x86_64 | 0.3.0 | 7.00 | 121.00 | 128.00 | NOTE | |
r-patched-linux-x86_64 | 0.3.0 | 4.71 | 99.12 | 103.83 | NOTE | |
r-release-linux-x86_64 | 0.3.0 | 5.09 | 98.66 | 103.75 | NOTE | |
r-release-macos-arm64 | 0.3.0 | 2.00 | 51.00 | 53.00 | OK | |
r-release-macos-x86_64 | 0.3.0 | 4.00 | 95.00 | 99.00 | OK | |
r-release-windows-x86_64 | 0.3.0 | 7.00 | 122.00 | 129.00 | NOTE | |
r-oldrel-macos-arm64 | 0.3.0 | 2.00 | 48.00 | 50.00 | OK | |
r-oldrel-macos-x86_64 | 0.3.0 | 3.00 | 78.00 | 81.00 | OK | |
r-oldrel-windows-x86_64 | 0.3.0 | 9.00 | 142.00 | 151.00 | OK |
Version: 0.3.0
Check: Rd cross-references
Result: NOTE
Found the following Rd file(s) with Rd \link{} targets missing package
anchors:
geom_qqboxplot.Rd: geom_boxplot
Please provide package anchors for all Rd \link{} targets not in the
package itself and the base packages.
Flavors: r-devel-linux-x86_64-debian-clang, r-devel-linux-x86_64-debian-gcc, r-devel-windows-x86_64, r-patched-linux-x86_64, r-release-linux-x86_64, r-release-windows-x86_64