Last updated on 2025-10-22 05:51:22 CEST.
Flavor | Version | Tinstall | Tcheck | Ttotal | Status | Flags |
---|---|---|---|---|---|---|
r-devel-linux-x86_64-debian-clang | 1.1.1 | 55.69 | 115.68 | 171.37 | WARN | |
r-devel-linux-x86_64-debian-gcc | 1.1.1 | 31.81 | 84.98 | 116.79 | WARN | |
r-devel-linux-x86_64-fedora-clang | 1.1.1 | 155.00 | 136.60 | 291.60 | NOTE | |
r-devel-linux-x86_64-fedora-gcc | 1.1.1 | 109.00 | 147.85 | 256.85 | NOTE | |
r-devel-windows-x86_64 | 1.1.1 | 63.00 | 122.00 | 185.00 | NOTE | |
r-patched-linux-x86_64 | 1.1.1 | 52.73 | 107.15 | 159.88 | NOTE | |
r-release-linux-x86_64 | 1.1.1 | 53.50 | 111.90 | 165.40 | NOTE | |
r-release-macos-arm64 | 1.1.1 | 19.00 | 42.00 | 61.00 | NOTE | |
r-release-macos-x86_64 | 1.1.1 | 22.00 | 81.00 | 103.00 | NOTE | |
r-release-windows-x86_64 | 1.1.1 | 65.00 | 126.00 | 191.00 | NOTE | |
r-oldrel-macos-arm64 | 1.1.1 | 20.00 | 41.00 | 61.00 | NOTE | |
r-oldrel-macos-x86_64 | 1.1.1 | 21.00 | 68.00 | 89.00 | NOTE | |
r-oldrel-windows-x86_64 | 1.1.1 | 76.00 | 168.00 | 244.00 | NOTE |
Version: 1.1.1
Check: whether package can be installed
Result: WARN
Found the following significant warnings:
/home/hornik/tmp/R.check/r-devel-clang/Work/build/Packages/RcppArmadillo/include/RcppArmadillo/version/arma.h:66:17: warning: Using fallback compilation with Armadillo 14.6.3. Please consider defining -DARMA_USE_CURRENT and also removing C++11 compilation directive. See GitHub issue #475 for more. [-W#pragma-messages]
See ‘/home/hornik/tmp/R.check/r-devel-clang/Work/PKGS/qris.Rcheck/00install.out’ for details.
* used C compiler: ‘Debian clang version 19.1.7 (7)’
* used C++ compiler: ‘Debian clang version 19.1.7 (7)’
Flavor: r-devel-linux-x86_64-debian-clang
Version: 1.1.1
Check: C++ specification
Result: NOTE
Specified C++11: please drop specification unless essential
Flavors: r-devel-linux-x86_64-debian-clang, r-devel-linux-x86_64-debian-gcc, r-devel-linux-x86_64-fedora-clang, r-devel-linux-x86_64-fedora-gcc, r-devel-windows-x86_64, r-patched-linux-x86_64, r-release-linux-x86_64, r-release-macos-arm64, r-release-macos-x86_64, r-release-windows-x86_64, r-oldrel-macos-arm64, r-oldrel-macos-x86_64, r-oldrel-windows-x86_64
Version: 1.1.1
Check: HTML version of manual
Result: NOTE
Found the following HTML validation problems:
qris.extend.html:62:1 (qris.extend.Rd:18): Warning: missing </ul> before </div>
Flavors: r-devel-linux-x86_64-debian-clang, r-devel-linux-x86_64-debian-gcc
Version: 1.1.1
Check: whether package can be installed
Result: WARN
Found the following significant warnings:
/home/hornik/tmp/R.check/r-devel-gcc/Work/build/Packages/RcppArmadillo/include/RcppArmadillo/version/arma.h:66:199: note: ‘#pragma message: Using fallback compilation with Armadillo 14.6.3. Please consider defining -DARMA_USE_CURRENT and also removing C++11 compilation directive. See GitHub issue #475 for more.’
See ‘/home/hornik/tmp/R.check/r-devel-gcc/Work/PKGS/qris.Rcheck/00install.out’ for details.
* used C compiler: ‘gcc-15 (Debian 15.2.0-4) 15.2.0’
* used C++ compiler: ‘g++-15 (Debian 15.2.0-4) 15.2.0’
Flavor: r-devel-linux-x86_64-debian-gcc