Last updated on 2025-07-20 11:50:10 CEST.
Flavor | Version | Tinstall | Tcheck | Ttotal | Status | Flags |
---|---|---|---|---|---|---|
r-devel-linux-x86_64-debian-clang | 0.9.10 | 57.85 | 210.51 | 268.36 | OK | |
r-devel-linux-x86_64-debian-gcc | 0.9.10 | 41.79 | 160.38 | 202.17 | OK | |
r-devel-linux-x86_64-fedora-clang | 0.9.10 | 450.55 | OK | |||
r-devel-linux-x86_64-fedora-gcc | 0.9.10 | 491.05 | OK | |||
r-devel-windows-x86_64 | 0.9.10 | 61.00 | 253.00 | 314.00 | OK | |
r-patched-linux-x86_64 | 0.9.10 | 61.17 | 206.41 | 267.58 | OK | |
r-release-linux-x86_64 | 0.9.10 | 57.15 | 207.54 | 264.69 | OK | |
r-release-macos-arm64 | 0.9.10 | 200.00 | OK | |||
r-release-macos-x86_64 | 0.9.10 | 471.00 | OK | |||
r-release-windows-x86_64 | 0.9.10 | 62.00 | 251.00 | 313.00 | OK | |
r-oldrel-macos-arm64 | 0.9.10 | 157.00 | NOTE | |||
r-oldrel-macos-x86_64 | 0.9.10 | 344.00 | NOTE | |||
r-oldrel-windows-x86_64 | 0.9.10 | 75.00 | 341.00 | 416.00 | NOTE |
Version: 0.9.10
Check: installed package size
Result: NOTE
installed size is 7.6Mb
sub-directories of 1Mb or more:
data 3.8Mb
libs 3.4Mb
Flavors: r-oldrel-macos-arm64, r-oldrel-macos-x86_64, r-oldrel-windows-x86_64