Last updated on 2025-10-22 05:51:22 CEST.
Flavor | Version | Tinstall | Tcheck | Ttotal | Status | Flags |
---|---|---|---|---|---|---|
r-devel-linux-x86_64-debian-clang | 0.96 | 16.40 | 135.22 | 151.62 | NOTE | |
r-devel-linux-x86_64-debian-gcc | 0.96 | 12.76 | 95.00 | 107.76 | NOTE | |
r-devel-linux-x86_64-fedora-clang | 0.96 | 45.00 | 196.73 | 241.73 | OK | |
r-devel-linux-x86_64-fedora-gcc | 0.96 | 38.00 | 190.05 | 228.05 | OK | |
r-devel-windows-x86_64 | 0.96 | 24.00 | 144.00 | 168.00 | OK | |
r-patched-linux-x86_64 | 0.96 | 17.35 | 126.84 | 144.19 | OK | |
r-release-linux-x86_64 | 0.96 | 17.08 | 125.81 | 142.89 | OK | |
r-release-macos-arm64 | 0.96 | 10.00 | 52.00 | 62.00 | OK | |
r-release-macos-x86_64 | 0.96 | 17.00 | 137.00 | 154.00 | OK | |
r-release-windows-x86_64 | 0.96 | 24.00 | 142.00 | 166.00 | OK | |
r-oldrel-macos-arm64 | 0.96 | 9.00 | 67.00 | 76.00 | OK | |
r-oldrel-macos-x86_64 | 0.96 | 17.00 | 124.00 | 141.00 | OK | |
r-oldrel-windows-x86_64 | 0.96 | 29.00 | 186.00 | 215.00 | OK |
Version: 0.96
Check: HTML version of manual
Result: NOTE
Found the following HTML validation problems:
as.network.html:50:1 (as.network.Rd:12): Warning: missing </ul> before </div>
Flavors: r-devel-linux-x86_64-debian-clang, r-devel-linux-x86_64-debian-gcc