Last updated on 2025-10-22 05:51:22 CEST.
Flavor | Version | Tinstall | Tcheck | Ttotal | Status | Flags |
---|---|---|---|---|---|---|
r-devel-linux-x86_64-debian-clang | 0.97.2 | 61.47 | 144.28 | 205.75 | NOTE | |
r-devel-linux-x86_64-debian-gcc | 0.97.2 | 43.06 | 100.57 | 143.63 | NOTE | |
r-devel-linux-x86_64-fedora-clang | 0.97.2 | 97.00 | 230.23 | 327.23 | OK | |
r-devel-linux-x86_64-fedora-gcc | 0.97.2 | 126.00 | 201.49 | 327.49 | OK | |
r-devel-windows-x86_64 | 0.97.2 | 57.00 | 168.00 | 225.00 | OK | |
r-patched-linux-x86_64 | 0.97.2 | 63.47 | 138.97 | 202.44 | OK | |
r-release-linux-x86_64 | 0.97.2 | 63.43 | 136.67 | 200.10 | OK | |
r-release-macos-arm64 | 0.97.2 | 22.00 | 63.00 | 85.00 | OK | |
r-release-macos-x86_64 | 0.97.2 | 33.00 | 123.00 | 156.00 | OK | |
r-release-windows-x86_64 | 0.97.2 | 57.00 | 165.00 | 222.00 | OK | |
r-oldrel-macos-arm64 | 0.97.2 | 23.00 | 61.00 | 84.00 | OK | |
r-oldrel-macos-x86_64 | 0.97.2 | 42.00 | 141.00 | 183.00 | OK | |
r-oldrel-windows-x86_64 | 0.97.2 | 68.00 | 214.00 | 282.00 | OK |
Version: 0.97.2
Check: HTML version of manual
Result: NOTE
Found the following HTML validation problems:
check_dots.html:50:1 (check_dots.Rd:12): Warning: missing </ul> before </div>
compute_mattr.html:54:1 (compute_mattr.Rd:13): Warning: missing </ul> before </div>
compute_msttr.html:51:1 (compute_msttr.Rd:13): Warning: missing </ul> before </div>
dfm_split_hyphenated_features.html:48:1 (dfm_split_hyphenated_features.Rd:10): Warning: missing </ul> before </div>
get_docvars.html:62:1 (get_docvars.Rd:18): Warning: missing </ul> before </div>
Flavors: r-devel-linux-x86_64-debian-clang, r-devel-linux-x86_64-debian-gcc