Last updated on 2025-10-22 05:51:22 CEST.
Flavor | Version | Tinstall | Tcheck | Ttotal | Status | Flags |
---|---|---|---|---|---|---|
r-devel-linux-x86_64-debian-clang | 1.0.4 | 34.39 | 320.32 | 354.71 | NOTE | |
r-devel-linux-x86_64-debian-gcc | 1.0.4 | 19.22 | 197.36 | 216.58 | NOTE | |
r-devel-linux-x86_64-fedora-clang | 1.0.4 | 83.00 | 458.79 | 541.79 | OK | |
r-devel-linux-x86_64-fedora-gcc | 1.0.4 | 130.00 | 426.28 | 556.28 | OK | |
r-devel-windows-x86_64 | 1.0.4 | 30.00 | 241.00 | 271.00 | OK | |
r-patched-linux-x86_64 | 1.0.4 | 33.30 | 295.01 | 328.31 | OK | |
r-release-linux-x86_64 | 1.0.4 | 30.18 | 293.03 | 323.21 | OK | |
r-release-macos-arm64 | 1.0.4 | 13.00 | 108.00 | 121.00 | OK | |
r-release-macos-x86_64 | 1.0.4 | 26.00 | 220.00 | 246.00 | OK | |
r-release-windows-x86_64 | 1.0.4 | 31.00 | 243.00 | 274.00 | OK | |
r-oldrel-macos-arm64 | 1.0.4 | 13.00 | 110.00 | 123.00 | OK | |
r-oldrel-macos-x86_64 | 1.0.4 | 25.00 | 218.00 | 243.00 | OK | |
r-oldrel-windows-x86_64 | 1.0.4 | 43.00 | 332.00 | 375.00 | OK |
Version: 1.0.4
Check: HTML version of manual
Result: NOTE
Found the following HTML validation problems:
hasBbox.html:58:1 (hasBbox.Rd:16): Warning: missing </ul> before </div>
Flavors: r-devel-linux-x86_64-debian-clang, r-devel-linux-x86_64-debian-gcc