CRAN Package Check Results for Package quollr

Last updated on 2025-10-22 05:51:22 CEST.

Flavor Version Tinstall Tcheck Ttotal Status Flags
r-devel-linux-x86_64-debian-clang 0.3.13 35.83 156.96 192.79 NOTE
r-devel-linux-x86_64-debian-gcc 0.3.13 23.23 110.00 133.23 NOTE
r-devel-linux-x86_64-fedora-clang 0.3.13 85.00 219.47 304.47 OK
r-devel-linux-x86_64-fedora-gcc 0.3.13 136.00 180.88 316.88 OK
r-devel-windows-x86_64 0.3.13 42.00 179.00 221.00 OK
r-patched-linux-x86_64 0.3.13 34.11 146.42 180.53 OK
r-release-linux-x86_64 0.3.13 32.68 147.52 180.20 OK
r-release-macos-arm64 0.3.13 15.00 76.00 91.00 OK
r-release-macos-x86_64 0.3.13 26.00 177.00 203.00 OK
r-release-windows-x86_64 0.3.13 44.00 180.00 224.00 OK
r-oldrel-macos-arm64 0.3.13 16.00 77.00 93.00 OK
r-oldrel-macos-x86_64 0.3.13 27.00 171.00 198.00 OK
r-oldrel-windows-x86_64 0.3.13 54.00 230.00 284.00 OK

Check Details

Version: 0.3.13
Check: HTML version of manual
Result: NOTE Found the following HTML validation problems: augment.html:51:1 (augment.Rd:12): Warning: missing </ul> before </div> glance.html:50:1 (glance.Rd:12): Warning: missing </ul> before </div> Flavors: r-devel-linux-x86_64-debian-clang, r-devel-linux-x86_64-debian-gcc