Last updated on 2025-10-22 05:51:23 CEST.
Flavor | Version | Tinstall | Tcheck | Ttotal | Status | Flags |
---|---|---|---|---|---|---|
r-devel-linux-x86_64-debian-clang | 1.6.0 | 8.64 | 68.63 | 77.27 | NOTE | |
r-devel-linux-x86_64-debian-gcc | 1.6.0 | 5.47 | 48.61 | 54.08 | NOTE | |
r-devel-linux-x86_64-fedora-clang | 1.6.0 | 22.00 | 93.66 | 115.66 | OK | |
r-devel-linux-x86_64-fedora-gcc | 1.6.0 | 39.00 | 77.06 | 116.06 | OK | |
r-devel-windows-x86_64 | 1.6.0 | 14.00 | 85.00 | 99.00 | OK | |
r-patched-linux-x86_64 | 1.6.0 | 9.81 | 64.48 | 74.29 | OK | |
r-release-linux-x86_64 | 1.6.0 | 7.89 | 65.15 | 73.04 | OK | |
r-release-macos-arm64 | 1.6.0 | 4.00 | 31.00 | 35.00 | OK | |
r-release-macos-x86_64 | 1.6.0 | 8.00 | 58.00 | 66.00 | OK | |
r-release-windows-x86_64 | 1.6.0 | 15.00 | 88.00 | 103.00 | OK | |
r-oldrel-macos-arm64 | 1.6.0 | 4.00 | 31.00 | 35.00 | NOTE | |
r-oldrel-macos-x86_64 | 1.6.0 | 7.00 | 48.00 | 55.00 | NOTE | |
r-oldrel-windows-x86_64 | 1.6.0 | 17.00 | 103.00 | 120.00 | NOTE |
Version: 1.6.0
Check: HTML version of manual
Result: NOTE
Found the following HTML validation problems:
amAxisBreaks.html:69:1 (amAxisBreaks.Rd:27): Warning: missing </ul> before </div>
updateAmPieChart.html:57:1 (updateAmPieChart.Rd:17): Warning: missing </ul> before </div>
Flavors: r-devel-linux-x86_64-debian-clang, r-devel-linux-x86_64-debian-gcc
Version: 1.6.0
Check: installed package size
Result: NOTE
installed size is 11.4Mb
sub-directories of 1Mb or more:
htmlwidgets 10.0Mb
super-tiny-icons 1.0Mb
Flavors: r-oldrel-macos-arm64, r-oldrel-macos-x86_64, r-oldrel-windows-x86_64