Last updated on 2025-07-21 08:50:15 CEST.
Flavor | Version | Tinstall | Tcheck | Ttotal | Status | Flags |
---|---|---|---|---|---|---|
r-devel-linux-x86_64-debian-clang | 5.0.0 | 3.55 | 20.07 | 23.62 | NOTE | |
r-devel-linux-x86_64-debian-gcc | 5.0.0 | 2.79 | 16.81 | 19.60 | NOTE | |
r-devel-linux-x86_64-fedora-clang | 5.0.0 | 36.90 | OK | |||
r-devel-linux-x86_64-fedora-gcc | 5.0.0 | 35.15 | OK | |||
r-devel-windows-x86_64 | 5.0.0 | 6.00 | 45.00 | 51.00 | OK | |
r-patched-linux-x86_64 | 5.0.0 | 3.40 | 18.92 | 22.32 | OK | |
r-release-linux-x86_64 | 5.0.0 | 3.46 | 18.85 | 22.31 | OK | |
r-release-macos-arm64 | 5.0.0 | 19.00 | OK | |||
r-release-macos-x86_64 | 5.0.0 | 27.00 | OK | |||
r-release-windows-x86_64 | 5.0.0 | 6.00 | 45.00 | 51.00 | OK | |
r-oldrel-macos-arm64 | 5.0.0 | 16.00 | OK | |||
r-oldrel-macos-x86_64 | 5.0.0 | 25.00 | OK | |||
r-oldrel-windows-x86_64 | 5.0.0 | 6.00 | 52.00 | 58.00 | OK |
Version: 5.0.0
Check: CRAN incoming feasibility
Result: NOTE
Maintainer: ‘Miron Bartosz Kursa <M.Kursa@icm.edu.pl>’
Package CITATION file contains call(s) to old-style personList() or
as.personList(). Please use c() on person objects instead.
Package CITATION file contains call(s) to old-style citEntry(). Please
use bibentry() instead.
Flavors: r-devel-linux-x86_64-debian-clang, r-devel-linux-x86_64-debian-gcc