Last updated on 2025-10-22 05:51:25 CEST.
Flavor | Version | Tinstall | Tcheck | Ttotal | Status | Flags |
---|---|---|---|---|---|---|
r-devel-linux-x86_64-debian-clang | 1.3 | 18.29 | 273.56 | 291.85 | OK | |
r-devel-linux-x86_64-debian-gcc | 1.3 | 11.79 | 186.55 | 198.34 | OK | |
r-devel-linux-x86_64-fedora-clang | 1.3 | 46.00 | 414.31 | 460.31 | OK | |
r-devel-linux-x86_64-fedora-gcc | 1.3 | 44.00 | 416.35 | 460.35 | OK | |
r-devel-windows-x86_64 | 1.3 | 41.00 | 236.00 | 277.00 | OK | |
r-patched-linux-x86_64 | 1.3 | 17.13 | 261.64 | 278.77 | OK | |
r-release-linux-x86_64 | 1.3 | 16.57 | 261.46 | 278.03 | OK | |
r-release-macos-arm64 | 1.3 | 9.00 | 96.00 | 105.00 | OK | |
r-release-macos-x86_64 | 1.3 | 17.00 | 190.00 | 207.00 | OK | |
r-release-windows-x86_64 | 1.3 | 41.00 | 242.00 | 283.00 | OK | |
r-oldrel-macos-arm64 | 1.3 | 9.00 | 91.00 | 100.00 | NOTE | |
r-oldrel-macos-x86_64 | 1.3 | 13.00 | 141.00 | 154.00 | NOTE | |
r-oldrel-windows-x86_64 | 1.3 | 52.00 | 318.00 | 370.00 | NOTE |
Version: 1.3
Check: installed package size
Result: NOTE
installed size is 24.7Mb
sub-directories of 1Mb or more:
extdata 24.0Mb
Flavors: r-oldrel-macos-arm64, r-oldrel-macos-x86_64, r-oldrel-windows-x86_64