Last updated on 2025-07-21 08:50:15 CEST.
Flavor | Version | Tinstall | Tcheck | Ttotal | Status | Flags |
---|---|---|---|---|---|---|
r-devel-linux-x86_64-debian-clang | 1.3 | 16.43 | 233.02 | 249.45 | OK | |
r-devel-linux-x86_64-debian-gcc | 1.3 | 13.33 | 160.04 | 173.37 | OK | |
r-devel-linux-x86_64-fedora-clang | 1.3 | 396.18 | OK | |||
r-devel-linux-x86_64-fedora-gcc | 1.3 | 386.93 | OK | |||
r-devel-windows-x86_64 | 1.3 | 40.00 | 206.00 | 246.00 | OK | |
r-patched-linux-x86_64 | 1.3 | 17.24 | 221.60 | 238.84 | OK | |
r-release-linux-x86_64 | 1.3 | 16.34 | 223.81 | 240.15 | OK | |
r-release-macos-arm64 | 1.3 | 105.00 | OK | |||
r-release-macos-x86_64 | 1.3 | 207.00 | OK | |||
r-release-windows-x86_64 | 1.3 | 39.00 | 209.00 | 248.00 | OK | |
r-oldrel-macos-arm64 | 1.3 | 100.00 | NOTE | |||
r-oldrel-macos-x86_64 | 1.3 | 154.00 | NOTE | |||
r-oldrel-windows-x86_64 | 1.3 | 52.00 | 272.00 | 324.00 | NOTE |
Version: 1.3
Check: installed package size
Result: NOTE
installed size is 24.7Mb
sub-directories of 1Mb or more:
extdata 24.0Mb
Flavors: r-oldrel-macos-arm64, r-oldrel-macos-x86_64, r-oldrel-windows-x86_64