Last updated on 2025-10-24 04:51:07 CEST.
| Flavor | Version | Tinstall | Tcheck | Ttotal | Status | Flags |
|---|---|---|---|---|---|---|
| r-devel-linux-x86_64-debian-clang | 1.0.1 | 3.97 | 106.86 | 110.83 | NOTE | |
| r-devel-linux-x86_64-debian-gcc | 1.0.1 | 2.77 | 62.90 | 65.67 | OK | |
| r-devel-linux-x86_64-fedora-clang | 1.0.1 | 11.00 | 588.66 | 599.66 | OK | |
| r-devel-linux-x86_64-fedora-gcc | 1.0.1 | 586.58 | OK | |||
| r-devel-windows-x86_64 | 1.0.1 | 6.00 | 309.00 | 315.00 | OK | |
| r-patched-linux-x86_64 | 1.0.1 | 4.80 | 102.14 | 106.94 | OK | |
| r-release-linux-x86_64 | 1.0.1 | 3.85 | 102.47 | 106.32 | OK | |
| r-release-macos-arm64 | 1.0.1 | 2.00 | 47.00 | 49.00 | OK | |
| r-release-macos-x86_64 | 1.0.1 | 4.00 | 104.00 | 108.00 | OK | |
| r-release-windows-x86_64 | 1.0.1 | 6.00 | 315.00 | 321.00 | OK | |
| r-oldrel-macos-arm64 | 1.0.1 | 2.00 | 48.00 | 50.00 | OK | |
| r-oldrel-macos-x86_64 | 1.0.1 | 3.00 | 98.00 | 101.00 | OK | |
| r-oldrel-windows-x86_64 | 1.0.1 | 6.00 | 463.00 | 469.00 | OK |
Version: 1.0.1
Check: HTML version of manual
Result: NOTE
Found the following HTML validation problems:
ai_ratio.html:55:1 (ai_ratio.Rd:14): Warning: missing </ul> before </div>
Flavor: r-devel-linux-x86_64-debian-clang