CRAN Package Check Results for Package rPackedBar

Last updated on 2025-10-22 05:51:25 CEST.

Flavor Version Tinstall Tcheck Ttotal Status Flags
r-devel-linux-x86_64-debian-clang 0.2.2 6.77 64.00 70.77 NOTE
r-devel-linux-x86_64-debian-gcc 0.2.2 4.40 46.58 50.98 NOTE
r-devel-linux-x86_64-fedora-clang 0.2.2 19.00 93.13 112.13 OK
r-devel-linux-x86_64-fedora-gcc 0.2.2 15.00 101.96 116.96 OK
r-devel-windows-x86_64 0.2.2 9.00 73.00 82.00 OK
r-patched-linux-x86_64 0.2.2 7.56 59.05 66.61 OK
r-release-linux-x86_64 0.2.2 6.91 59.07 65.98 OK
r-release-macos-arm64 0.2.2 2.00 31.00 33.00 OK
r-release-macos-x86_64 0.2.2 4.00 54.00 58.00 OK
r-release-windows-x86_64 0.2.2 9.00 75.00 84.00 OK
r-oldrel-macos-arm64 0.2.2 3.00 32.00 35.00 NOTE
r-oldrel-macos-x86_64 0.2.2 8.00 77.00 85.00 NOTE
r-oldrel-windows-x86_64 0.2.2 11.00 93.00 104.00 NOTE

Check Details

Version: 0.2.2
Check: CRAN incoming feasibility
Result: NOTE Maintainer: ‘Adam Spannbauer <spannbaueradam@gmail.com>’ No Authors@R field in DESCRIPTION. Please add one, modifying Authors@R: person(given = "Adam", family = "Spannbauer", role = c("aut", "cre"), email = "spannbaueradam@gmail.com") as necessary. Flavors: r-devel-linux-x86_64-debian-clang, r-devel-linux-x86_64-debian-gcc

Version: 0.2.2
Check: HTML version of manual
Result: NOTE Found the following HTML validation problems: packed_bar_shiny.html:77:1 (packed_bar_shiny.Rd:31): Warning: missing </ul> before </div> Flavors: r-devel-linux-x86_64-debian-clang, r-devel-linux-x86_64-debian-gcc

Version: 0.2.2
Check: LazyData
Result: NOTE 'LazyData' is specified without a 'data' directory Flavors: r-oldrel-macos-arm64, r-oldrel-macos-x86_64, r-oldrel-windows-x86_64