Last updated on 2025-07-21 08:50:16 CEST.
Flavor | Version | Tinstall | Tcheck | Ttotal | Status | Flags |
---|---|---|---|---|---|---|
r-devel-linux-x86_64-debian-clang | 1.4.0 | 80.15 | 262.96 | 343.11 | OK | |
r-devel-linux-x86_64-debian-gcc | 1.4.0 | 61.12 | 181.07 | 242.19 | OK | |
r-devel-linux-x86_64-fedora-clang | 1.4.0 | 539.24 | OK | |||
r-devel-linux-x86_64-fedora-gcc | 1.4.0 | 512.31 | OK | |||
r-devel-windows-x86_64 | 1.4.0 | 97.00 | 273.00 | 370.00 | OK | |
r-patched-linux-x86_64 | 1.4.0 | 87.13 | 230.64 | 317.77 | OK | |
r-release-linux-x86_64 | 1.4.0 | 86.45 | 233.04 | 319.49 | OK | |
r-release-macos-arm64 | 1.4.0 | 125.00 | OK | |||
r-release-macos-x86_64 | 1.4.0 | 219.00 | OK | |||
r-release-windows-x86_64 | 1.4.0 | 98.00 | 268.00 | 366.00 | OK | |
r-oldrel-macos-arm64 | 1.4.0 | 129.00 | NOTE | |||
r-oldrel-macos-x86_64 | 1.4.0 | 232.00 | NOTE | |||
r-oldrel-windows-x86_64 | 1.4.0 | 113.00 | 379.00 | 492.00 | OK |
Version: 1.4.0
Check: installed package size
Result: NOTE
installed size is 7.6Mb
sub-directories of 1Mb or more:
extdata 1.0Mb
libs 5.3Mb
Flavors: r-oldrel-macos-arm64, r-oldrel-macos-x86_64