CRAN Package Check Results for Package racir

Last updated on 2025-10-22 05:51:23 CEST.

Flavor Version Tinstall Tcheck Ttotal Status Flags
r-devel-linux-x86_64-debian-clang 2.0.0 1.93 30.40 32.33 OK
r-devel-linux-x86_64-debian-gcc 2.0.0 1.68 25.87 27.55 OK
r-devel-linux-x86_64-fedora-clang 2.0.0 48.88 OK
r-devel-linux-x86_64-fedora-gcc 2.0.0 60.97 OK
r-devel-windows-x86_64 2.0.0 4.00 48.00 52.00 OK
r-patched-linux-x86_64 2.0.0 2.17 28.86 31.03 OK
r-release-linux-x86_64 2.0.0 1.92 28.88 30.80 OK
r-release-macos-arm64 2.0.0 1.00 21.00 22.00 OK
r-release-macos-x86_64 2.0.0 2.00 38.00 40.00 OK
r-release-windows-x86_64 2.0.0 3.00 48.00 51.00 OK
r-oldrel-macos-arm64 2.0.0 1.00 22.00 23.00 NOTE
r-oldrel-macos-x86_64 2.0.0 2.00 35.00 37.00 NOTE
r-oldrel-windows-x86_64 2.0.0 5.00 54.00 59.00 NOTE

Check Details

Version: 2.0.0
Check: LazyData
Result: NOTE 'LazyData' is specified without a 'data' directory Flavors: r-oldrel-macos-arm64, r-oldrel-macos-x86_64, r-oldrel-windows-x86_64