CRAN Package Check Results for Package rameritrade

Last updated on 2025-10-24 04:51:05 CEST.

Flavor Version Tinstall Tcheck Ttotal Status Flags
r-devel-linux-x86_64-debian-clang 0.1.5 1.94 24.15 26.09 OK
r-devel-linux-x86_64-debian-gcc 0.1.5 1.76 19.99 21.75 OK
r-devel-linux-x86_64-fedora-clang 0.1.5 36.70 OK
r-devel-linux-x86_64-fedora-gcc 0.1.5 34.76 OK
r-devel-windows-x86_64 0.1.5 4.00 43.00 47.00 OK
r-patched-linux-x86_64 0.1.5 2.53 21.53 24.06 OK
r-release-linux-x86_64 0.1.5 2.26 21.54 23.80 OK
r-release-macos-arm64 0.1.5 1.00 16.00 17.00 OK
r-release-macos-x86_64 0.1.5 2.00 26.00 28.00 OK
r-release-windows-x86_64 0.1.5 5.00 44.00 49.00 OK
r-oldrel-macos-arm64 0.1.5 1.00 15.00 16.00 NOTE
r-oldrel-macos-x86_64 0.1.5 2.00 22.00 24.00 NOTE
r-oldrel-windows-x86_64 0.1.5 5.00 48.00 53.00 NOTE

Check Details

Version: 0.1.5
Check: LazyData
Result: NOTE 'LazyData' is specified without a 'data' directory Flavors: r-oldrel-macos-arm64, r-oldrel-macos-x86_64, r-oldrel-windows-x86_64