Last updated on 2025-10-24 04:51:05 CEST.
| Flavor | Version | Tinstall | Tcheck | Ttotal | Status | Flags |
|---|---|---|---|---|---|---|
| r-devel-linux-x86_64-debian-clang | 0.2.0 | 3.79 | 62.72 | 66.51 | OK | |
| r-devel-linux-x86_64-debian-gcc | 0.2.0 | 3.08 | 44.15 | 47.23 | OK | |
| r-devel-linux-x86_64-fedora-clang | 0.2.0 | 12.00 | 88.09 | 100.09 | OK | |
| r-devel-linux-x86_64-fedora-gcc | 0.2.0 | 94.67 | OK | |||
| r-devel-windows-x86_64 | 0.2.0 | 6.00 | 80.00 | 86.00 | OK | |
| r-patched-linux-x86_64 | 0.2.0 | 3.88 | 57.96 | 61.84 | OK | |
| r-release-linux-x86_64 | 0.2.0 | 3.49 | 58.16 | 61.65 | OK | |
| r-release-macos-arm64 | 0.2.0 | 2.00 | 31.00 | 33.00 | OK | |
| r-release-macos-x86_64 | 0.2.0 | 4.00 | 55.00 | 59.00 | OK | |
| r-release-windows-x86_64 | 0.2.0 | 7.00 | 82.00 | 89.00 | OK | |
| r-oldrel-macos-arm64 | 0.2.0 | 2.00 | 30.00 | 32.00 | NOTE | |
| r-oldrel-macos-x86_64 | 0.2.0 | 3.00 | 49.00 | 52.00 | NOTE | |
| r-oldrel-windows-x86_64 | 0.2.0 | 9.00 | 100.00 | 109.00 | NOTE |
Version: 0.2.0
Check: LazyData
Result: NOTE
'LazyData' is specified without a 'data' directory
Flavors: r-oldrel-macos-arm64, r-oldrel-macos-x86_64, r-oldrel-windows-x86_64